{"id":14,"date":"2014-05-09T09:52:21","date_gmt":"2014-05-09T07:52:21","guid":{"rendered":"http:\/\/www.pictobello.ch\/edition-2014\/presse\/"},"modified":"2014-05-09T15:18:56","modified_gmt":"2014-05-09T13:18:56","slug":"presse","status":"publish","type":"page","link":"https:\/\/www.pictobello.ch\/edition-2014\/presse\/","title":{"rendered":"presse"},"content":{"rendered":"<p>Ci-dessous le communiqu\u00e9 de presse relatif \u00e0 PictoBello 2014 et des photos d&rsquo;ambiance sont disponibles en t\u00e9l\u00e9chargement.<\/p>\n<p><strong>Contact m\u00e9dia <\/strong><br \/>\nCharlotte Terrapon<br \/>\n<a href=\"javascript:DeCryptX('0p2t2g3v3v1f0@0i3p2c3j0e0s0.0c1i')\">presse [at] images [dot] ch<\/a><br \/>\n+41 79 354 47 98<\/p>\n","protected":false},"excerpt":{"rendered":"<p>Ci-dessous le communiqu\u00e9 de presse relatif \u00e0 PictoBello 2014 et des photos d&rsquo;ambiance sont disponibles en t\u00e9l\u00e9chargement. Contact m\u00e9dia Charlotte Terrapon presse [at] images [dot] ch +41 79 354 47 98<\/p>\n","protected":false},"author":1,"featured_media":0,"parent":0,"menu_order":9,"comment_status":"open","ping_status":"closed","template":"","meta":{"_acf_changed":false,"_exactmetrics_skip_tracking":false,"_exactmetrics_sitenote_active":false,"_exactmetrics_sitenote_note":"","_exactmetrics_sitenote_category":0,"footnotes":""},"class_list":["post-14","page","type-page","status-publish","hentry"],"acf":[],"yoast_head":"<!-- This site is optimized with the Yoast SEO plugin v27.2 - https:\/\/yoast.com\/product\/yoast-seo-wordpress\/ -->\n<title>presse - 2014<\/title>\n<meta name=\"robots\" content=\"index, follow, max-snippet:-1, max-image-preview:large, max-video-preview:-1\" \/>\n<link rel=\"canonical\" href=\"https:\/\/www.pictobello.ch\/edition-2014\/presse\/\" \/>\n<script type=\"application\/ld+json\" class=\"yoast-schema-graph\">{\"@context\":\"https:\/\/schema.org\",\"@graph\":[{\"@type\":\"WebPage\",\"@id\":\"https:\/\/www.pictobello.ch\/edition-2014\/presse\/\",\"url\":\"https:\/\/www.pictobello.ch\/edition-2014\/presse\/\",\"name\":\"presse - 2014\",\"isPartOf\":{\"@id\":\"https:\/\/www.pictobello.ch\/edition-2014\/#website\"},\"datePublished\":\"2014-05-09T07:52:21+00:00\",\"dateModified\":\"2014-05-09T13:18:56+00:00\",\"breadcrumb\":{\"@id\":\"https:\/\/www.pictobello.ch\/edition-2014\/presse\/#breadcrumb\"},\"inLanguage\":\"fr-FR\",\"potentialAction\":[{\"@type\":\"ReadAction\",\"target\":[\"https:\/\/www.pictobello.ch\/edition-2014\/presse\/\"]}]},{\"@type\":\"BreadcrumbList\",\"@id\":\"https:\/\/www.pictobello.ch\/edition-2014\/presse\/#breadcrumb\",\"itemListElement\":[{\"@type\":\"ListItem\",\"position\":1,\"name\":\"Accueil\",\"item\":\"https:\/\/www.pictobello.ch\/edition-2014\/\"},{\"@type\":\"ListItem\",\"position\":2,\"name\":\"presse\"}]},{\"@type\":\"WebSite\",\"@id\":\"https:\/\/www.pictobello.ch\/edition-2014\/#website\",\"url\":\"https:\/\/www.pictobello.ch\/edition-2014\/\",\"name\":\"2014\",\"description\":\"\",\"potentialAction\":[{\"@type\":\"SearchAction\",\"target\":{\"@type\":\"EntryPoint\",\"urlTemplate\":\"https:\/\/www.pictobello.ch\/edition-2014\/?s={search_term_string}\"},\"query-input\":{\"@type\":\"PropertyValueSpecification\",\"valueRequired\":true,\"valueName\":\"search_term_string\"}}],\"inLanguage\":\"fr-FR\"}]}<\/script>\n<!-- \/ Yoast SEO plugin. -->","yoast_head_json":{"title":"presse - 2014","robots":{"index":"index","follow":"follow","max-snippet":"max-snippet:-1","max-image-preview":"max-image-preview:large","max-video-preview":"max-video-preview:-1"},"canonical":"https:\/\/www.pictobello.ch\/edition-2014\/presse\/","schema":{"@context":"https:\/\/schema.org","@graph":[{"@type":"WebPage","@id":"https:\/\/www.pictobello.ch\/edition-2014\/presse\/","url":"https:\/\/www.pictobello.ch\/edition-2014\/presse\/","name":"presse - 2014","isPartOf":{"@id":"https:\/\/www.pictobello.ch\/edition-2014\/#website"},"datePublished":"2014-05-09T07:52:21+00:00","dateModified":"2014-05-09T13:18:56+00:00","breadcrumb":{"@id":"https:\/\/www.pictobello.ch\/edition-2014\/presse\/#breadcrumb"},"inLanguage":"fr-FR","potentialAction":[{"@type":"ReadAction","target":["https:\/\/www.pictobello.ch\/edition-2014\/presse\/"]}]},{"@type":"BreadcrumbList","@id":"https:\/\/www.pictobello.ch\/edition-2014\/presse\/#breadcrumb","itemListElement":[{"@type":"ListItem","position":1,"name":"Accueil","item":"https:\/\/www.pictobello.ch\/edition-2014\/"},{"@type":"ListItem","position":2,"name":"presse"}]},{"@type":"WebSite","@id":"https:\/\/www.pictobello.ch\/edition-2014\/#website","url":"https:\/\/www.pictobello.ch\/edition-2014\/","name":"2014","description":"","potentialAction":[{"@type":"SearchAction","target":{"@type":"EntryPoint","urlTemplate":"https:\/\/www.pictobello.ch\/edition-2014\/?s={search_term_string}"},"query-input":{"@type":"PropertyValueSpecification","valueRequired":true,"valueName":"search_term_string"}}],"inLanguage":"fr-FR"}]}},"_links":{"self":[{"href":"https:\/\/www.pictobello.ch\/edition-2014\/wp-json\/wp\/v2\/pages\/14","targetHints":{"allow":["GET"]}}],"collection":[{"href":"https:\/\/www.pictobello.ch\/edition-2014\/wp-json\/wp\/v2\/pages"}],"about":[{"href":"https:\/\/www.pictobello.ch\/edition-2014\/wp-json\/wp\/v2\/types\/page"}],"author":[{"embeddable":true,"href":"https:\/\/www.pictobello.ch\/edition-2014\/wp-json\/wp\/v2\/users\/1"}],"replies":[{"embeddable":true,"href":"https:\/\/www.pictobello.ch\/edition-2014\/wp-json\/wp\/v2\/comments?post=14"}],"version-history":[{"count":4,"href":"https:\/\/www.pictobello.ch\/edition-2014\/wp-json\/wp\/v2\/pages\/14\/revisions"}],"predecessor-version":[{"id":86,"href":"https:\/\/www.pictobello.ch\/edition-2014\/wp-json\/wp\/v2\/pages\/14\/revisions\/86"}],"wp:attachment":[{"href":"https:\/\/www.pictobello.ch\/edition-2014\/wp-json\/wp\/v2\/media?parent=14"}],"curies":[{"name":"wp","href":"https:\/\/api.w.org\/{rel}","templated":true}]}}