{"id":380,"date":"2015-07-20T14:48:13","date_gmt":"2015-07-20T12:48:13","guid":{"rendered":"http:\/\/www.pictobello.ch\/edition-2015\/?page_id=380"},"modified":"2015-07-27T16:12:44","modified_gmt":"2015-07-27T14:12:44","slug":"textes","status":"publish","type":"page","link":"https:\/\/www.pictobello.ch\/edition-2015\/textes\/","title":{"rendered":"textes"},"content":{"rendered":"<p>R\u00e9partis sur les 4 sites de festival \u2013 Gare, Place du March\u00e9, La Grenette et l&rsquo;H\u00f4tel-de-Ville,\u00a0 les trois auteurs du collectif Caract\u00e8res mobiles (Mathias Howald, Fabienne Morales et Benjamin P\u00e9coud) ont r\u00e9pondu au travail des dessinateurs et \u00e9crit chacun des textes en trois chapitres, \u00e0 trois moments de la journ\u00e9e (12h, 15h et 17H).<\/p>\n<p>Catherine Favre, dernier auteur du collectif, s&rsquo;est quant \u00e0 elle, inspir\u00e9e des dessins r\u00e9alis\u00e9s et pr\u00e9sents trois semaines en ville de Vevey.<\/p>\n<p>Ces 10 textes sont t\u00e9l\u00e9chargeables ci-dessous.<\/p>\n<p>&nbsp;<\/p>\n<p>&nbsp;<\/p>\n","protected":false},"excerpt":{"rendered":"<p>R\u00e9partis sur les 4 sites de festival \u2013 Gare, Place du March\u00e9, La Grenette et l&rsquo;H\u00f4tel-de-Ville,\u00a0 les trois auteurs du collectif Caract\u00e8res mobiles (Mathias Howald, Fabienne Morales et Benjamin P\u00e9coud) ont r\u00e9pondu au travail des dessinateurs et \u00e9crit chacun des textes en trois chapitres, \u00e0 trois moments de la journ\u00e9e (12h, 15h et 17H). Catherine [&hellip;]<\/p>\n","protected":false},"author":1,"featured_media":0,"parent":0,"menu_order":5,"comment_status":"closed","ping_status":"closed","template":"","meta":{"_acf_changed":false,"_exactmetrics_skip_tracking":false,"_exactmetrics_sitenote_active":false,"_exactmetrics_sitenote_note":"","_exactmetrics_sitenote_category":0,"footnotes":""},"class_list":["post-380","page","type-page","status-publish","hentry"],"acf":[],"yoast_head":"<!-- This site is optimized with the Yoast SEO plugin v27.5 - https:\/\/yoast.com\/product\/yoast-seo-wordpress\/ -->\n<title>textes - 2015<\/title>\n<meta name=\"robots\" content=\"index, follow, max-snippet:-1, max-image-preview:large, max-video-preview:-1\" \/>\n<link rel=\"canonical\" href=\"https:\/\/www.pictobello.ch\/edition-2015\/textes\/\" \/>\n<script type=\"application\/ld+json\" class=\"yoast-schema-graph\">{\"@context\":\"https:\\\/\\\/schema.org\",\"@graph\":[{\"@type\":\"WebPage\",\"@id\":\"https:\\\/\\\/www.pictobello.ch\\\/edition-2015\\\/textes\\\/\",\"url\":\"https:\\\/\\\/www.pictobello.ch\\\/edition-2015\\\/textes\\\/\",\"name\":\"textes - 2015\",\"isPartOf\":{\"@id\":\"https:\\\/\\\/www.pictobello.ch\\\/edition-2015\\\/#website\"},\"datePublished\":\"2015-07-20T12:48:13+00:00\",\"dateModified\":\"2015-07-27T14:12:44+00:00\",\"breadcrumb\":{\"@id\":\"https:\\\/\\\/www.pictobello.ch\\\/edition-2015\\\/textes\\\/#breadcrumb\"},\"inLanguage\":\"fr-FR\",\"potentialAction\":[{\"@type\":\"ReadAction\",\"target\":[\"https:\\\/\\\/www.pictobello.ch\\\/edition-2015\\\/textes\\\/\"]}]},{\"@type\":\"BreadcrumbList\",\"@id\":\"https:\\\/\\\/www.pictobello.ch\\\/edition-2015\\\/textes\\\/#breadcrumb\",\"itemListElement\":[{\"@type\":\"ListItem\",\"position\":1,\"name\":\"Accueil\",\"item\":\"https:\\\/\\\/www.pictobello.ch\\\/edition-2015\\\/\"},{\"@type\":\"ListItem\",\"position\":2,\"name\":\"textes\"}]},{\"@type\":\"WebSite\",\"@id\":\"https:\\\/\\\/www.pictobello.ch\\\/edition-2015\\\/#website\",\"url\":\"https:\\\/\\\/www.pictobello.ch\\\/edition-2015\\\/\",\"name\":\"2015\",\"description\":\"\",\"potentialAction\":[{\"@type\":\"SearchAction\",\"target\":{\"@type\":\"EntryPoint\",\"urlTemplate\":\"https:\\\/\\\/www.pictobello.ch\\\/edition-2015\\\/?s={search_term_string}\"},\"query-input\":{\"@type\":\"PropertyValueSpecification\",\"valueRequired\":true,\"valueName\":\"search_term_string\"}}],\"inLanguage\":\"fr-FR\"}]}<\/script>\n<!-- \/ Yoast SEO plugin. -->","yoast_head_json":{"title":"textes - 2015","robots":{"index":"index","follow":"follow","max-snippet":"max-snippet:-1","max-image-preview":"max-image-preview:large","max-video-preview":"max-video-preview:-1"},"canonical":"https:\/\/www.pictobello.ch\/edition-2015\/textes\/","schema":{"@context":"https:\/\/schema.org","@graph":[{"@type":"WebPage","@id":"https:\/\/www.pictobello.ch\/edition-2015\/textes\/","url":"https:\/\/www.pictobello.ch\/edition-2015\/textes\/","name":"textes - 2015","isPartOf":{"@id":"https:\/\/www.pictobello.ch\/edition-2015\/#website"},"datePublished":"2015-07-20T12:48:13+00:00","dateModified":"2015-07-27T14:12:44+00:00","breadcrumb":{"@id":"https:\/\/www.pictobello.ch\/edition-2015\/textes\/#breadcrumb"},"inLanguage":"fr-FR","potentialAction":[{"@type":"ReadAction","target":["https:\/\/www.pictobello.ch\/edition-2015\/textes\/"]}]},{"@type":"BreadcrumbList","@id":"https:\/\/www.pictobello.ch\/edition-2015\/textes\/#breadcrumb","itemListElement":[{"@type":"ListItem","position":1,"name":"Accueil","item":"https:\/\/www.pictobello.ch\/edition-2015\/"},{"@type":"ListItem","position":2,"name":"textes"}]},{"@type":"WebSite","@id":"https:\/\/www.pictobello.ch\/edition-2015\/#website","url":"https:\/\/www.pictobello.ch\/edition-2015\/","name":"2015","description":"","potentialAction":[{"@type":"SearchAction","target":{"@type":"EntryPoint","urlTemplate":"https:\/\/www.pictobello.ch\/edition-2015\/?s={search_term_string}"},"query-input":{"@type":"PropertyValueSpecification","valueRequired":true,"valueName":"search_term_string"}}],"inLanguage":"fr-FR"}]}},"_links":{"self":[{"href":"https:\/\/www.pictobello.ch\/edition-2015\/wp-json\/wp\/v2\/pages\/380","targetHints":{"allow":["GET"]}}],"collection":[{"href":"https:\/\/www.pictobello.ch\/edition-2015\/wp-json\/wp\/v2\/pages"}],"about":[{"href":"https:\/\/www.pictobello.ch\/edition-2015\/wp-json\/wp\/v2\/types\/page"}],"author":[{"embeddable":true,"href":"https:\/\/www.pictobello.ch\/edition-2015\/wp-json\/wp\/v2\/users\/1"}],"replies":[{"embeddable":true,"href":"https:\/\/www.pictobello.ch\/edition-2015\/wp-json\/wp\/v2\/comments?post=380"}],"version-history":[{"count":7,"href":"https:\/\/www.pictobello.ch\/edition-2015\/wp-json\/wp\/v2\/pages\/380\/revisions"}],"predecessor-version":[{"id":394,"href":"https:\/\/www.pictobello.ch\/edition-2015\/wp-json\/wp\/v2\/pages\/380\/revisions\/394"}],"wp:attachment":[{"href":"https:\/\/www.pictobello.ch\/edition-2015\/wp-json\/wp\/v2\/media?parent=380"}],"curies":[{"name":"wp","href":"https:\/\/api.w.org\/{rel}","templated":true}]}}