{"id":9,"date":"2016-03-03T09:03:45","date_gmt":"2016-03-03T08:03:45","guid":{"rendered":"http:\/\/www.pictobello.ch\/edition-2016\/graphisme\/"},"modified":"2016-05-17T10:33:12","modified_gmt":"2016-05-17T08:33:12","slug":"graphisme","status":"publish","type":"page","link":"https:\/\/www.pictobello.ch\/edition-2016\/graphisme\/","title":{"rendered":"graphisme"},"content":{"rendered":"<p>Le visuel de l\u2019\u00e9dition 2016 a \u00e9t\u00e9 r\u00e9alis\u00e9 par l\u2019artiste vaudoise <a title=\"Vamille\" href=\"http:\/\/vamille.com\/\" target=\"_blank\">Vamille<\/a>. Le graphisme a \u00e9t\u00e9 confi\u00e9 \u00e0 l\u2019artiste vaudoise <a title=\"Estelle Bourdet\" href=\"http:\/\/estellebourdet.ch\/\" target=\"_blank\">Estelle Bourdet<\/a>.<\/p>\n<p><a href=\"http:\/\/www.pictobello.ch\/edition-2016\/wp-content\/uploads\/sites\/19\/2016\/05\/pictobello_papy.jpg\"><img loading=\"lazy\" decoding=\"async\" class=\"size-full wp-image-165 alignnone\" alt=\"pictobello_papy\" src=\"http:\/\/www.pictobello.ch\/edition-2016\/wp-content\/uploads\/sites\/19\/2016\/05\/pictobello_papy.jpg\" width=\"270\" height=\"296\" srcset=\"https:\/\/www.pictobello.ch\/edition-2016\/wp-content\/uploads\/sites\/19\/2016\/05\/pictobello_papy.jpg 1081w, https:\/\/www.pictobello.ch\/edition-2016\/wp-content\/uploads\/sites\/19\/2016\/05\/pictobello_papy-274x300.jpg 274w, https:\/\/www.pictobello.ch\/edition-2016\/wp-content\/uploads\/sites\/19\/2016\/05\/pictobello_papy-935x1024.jpg 935w, https:\/\/www.pictobello.ch\/edition-2016\/wp-content\/uploads\/sites\/19\/2016\/05\/pictobello_papy-260x284.jpg 260w, https:\/\/www.pictobello.ch\/edition-2016\/wp-content\/uploads\/sites\/19\/2016\/05\/pictobello_papy-575x629.jpg 575w\" sizes=\"auto, (max-width: 270px) 100vw, 270px\" \/><\/a><\/p>\n<p><a href=\"http:\/\/www.pictobello.ch\/edition-2016\/wp-content\/uploads\/sites\/19\/2016\/05\/pictobello_skaters.jpg\"><img loading=\"lazy\" decoding=\"async\" class=\"size-full wp-image-166 alignnone\" alt=\"pictobello_skaters\" src=\"http:\/\/www.pictobello.ch\/edition-2016\/wp-content\/uploads\/sites\/19\/2016\/05\/pictobello_skaters.jpg\" width=\"270\" height=\"313\" srcset=\"https:\/\/www.pictobello.ch\/edition-2016\/wp-content\/uploads\/sites\/19\/2016\/05\/pictobello_skaters.jpg 874w, https:\/\/www.pictobello.ch\/edition-2016\/wp-content\/uploads\/sites\/19\/2016\/05\/pictobello_skaters-258x300.jpg 258w, https:\/\/www.pictobello.ch\/edition-2016\/wp-content\/uploads\/sites\/19\/2016\/05\/pictobello_skaters-260x302.jpg 260w, https:\/\/www.pictobello.ch\/edition-2016\/wp-content\/uploads\/sites\/19\/2016\/05\/pictobello_skaters-575x668.jpg 575w\" sizes=\"auto, (max-width: 270px) 100vw, 270px\" \/><\/a><\/p>\n<p>&nbsp;<\/p>\n<p>&nbsp;<\/p>\n<p>&nbsp;<\/p>\n<p>&nbsp;<\/p>\n<p>&nbsp;<\/p>\n<p>&nbsp;<\/p>\n<p>&nbsp;<\/p>\n<p>&nbsp;<\/p>\n<p style=\"text-align: center;\">\n","protected":false},"excerpt":{"rendered":"<p>Le visuel de l\u2019\u00e9dition 2016 a \u00e9t\u00e9 r\u00e9alis\u00e9 par l\u2019artiste vaudoise Vamille. Le graphisme a \u00e9t\u00e9 confi\u00e9 \u00e0 l\u2019artiste vaudoise Estelle Bourdet. &nbsp; &nbsp; &nbsp; &nbsp; &nbsp; &nbsp; &nbsp; &nbsp;<\/p>\n","protected":false},"author":1,"featured_media":0,"parent":0,"menu_order":6,"comment_status":"open","ping_status":"closed","template":"","meta":{"_acf_changed":false,"_exactmetrics_skip_tracking":false,"_exactmetrics_sitenote_active":false,"_exactmetrics_sitenote_note":"","_exactmetrics_sitenote_category":0,"footnotes":""},"class_list":["post-9","page","type-page","status-publish","hentry"],"acf":[],"yoast_head":"<!-- This site is optimized with the Yoast SEO plugin v27.5 - https:\/\/yoast.com\/product\/yoast-seo-wordpress\/ -->\n<title>graphisme - 2016<\/title>\n<meta name=\"robots\" content=\"index, follow, max-snippet:-1, max-image-preview:large, max-video-preview:-1\" \/>\n<link rel=\"canonical\" href=\"https:\/\/www.pictobello.ch\/edition-2016\/graphisme\/\" \/>\n<script type=\"application\/ld+json\" class=\"yoast-schema-graph\">{\"@context\":\"https:\\\/\\\/schema.org\",\"@graph\":[{\"@type\":\"WebPage\",\"@id\":\"https:\\\/\\\/www.pictobello.ch\\\/edition-2016\\\/graphisme\\\/\",\"url\":\"https:\\\/\\\/www.pictobello.ch\\\/edition-2016\\\/graphisme\\\/\",\"name\":\"graphisme - 2016\",\"isPartOf\":{\"@id\":\"https:\\\/\\\/www.pictobello.ch\\\/edition-2016\\\/#website\"},\"primaryImageOfPage\":{\"@id\":\"https:\\\/\\\/www.pictobello.ch\\\/edition-2016\\\/graphisme\\\/#primaryimage\"},\"image\":{\"@id\":\"https:\\\/\\\/www.pictobello.ch\\\/edition-2016\\\/graphisme\\\/#primaryimage\"},\"thumbnailUrl\":\"http:\\\/\\\/www.pictobello.ch\\\/edition-2016\\\/wp-content\\\/uploads\\\/sites\\\/19\\\/2016\\\/05\\\/pictobello_papy.jpg\",\"datePublished\":\"2016-03-03T08:03:45+00:00\",\"dateModified\":\"2016-05-17T08:33:12+00:00\",\"breadcrumb\":{\"@id\":\"https:\\\/\\\/www.pictobello.ch\\\/edition-2016\\\/graphisme\\\/#breadcrumb\"},\"inLanguage\":\"fr-FR\",\"potentialAction\":[{\"@type\":\"ReadAction\",\"target\":[\"https:\\\/\\\/www.pictobello.ch\\\/edition-2016\\\/graphisme\\\/\"]}]},{\"@type\":\"ImageObject\",\"inLanguage\":\"fr-FR\",\"@id\":\"https:\\\/\\\/www.pictobello.ch\\\/edition-2016\\\/graphisme\\\/#primaryimage\",\"url\":\"http:\\\/\\\/www.pictobello.ch\\\/edition-2016\\\/wp-content\\\/uploads\\\/sites\\\/19\\\/2016\\\/05\\\/pictobello_papy.jpg\",\"contentUrl\":\"http:\\\/\\\/www.pictobello.ch\\\/edition-2016\\\/wp-content\\\/uploads\\\/sites\\\/19\\\/2016\\\/05\\\/pictobello_papy.jpg\"},{\"@type\":\"BreadcrumbList\",\"@id\":\"https:\\\/\\\/www.pictobello.ch\\\/edition-2016\\\/graphisme\\\/#breadcrumb\",\"itemListElement\":[{\"@type\":\"ListItem\",\"position\":1,\"name\":\"Accueil\",\"item\":\"https:\\\/\\\/www.pictobello.ch\\\/edition-2016\\\/\"},{\"@type\":\"ListItem\",\"position\":2,\"name\":\"graphisme\"}]},{\"@type\":\"WebSite\",\"@id\":\"https:\\\/\\\/www.pictobello.ch\\\/edition-2016\\\/#website\",\"url\":\"https:\\\/\\\/www.pictobello.ch\\\/edition-2016\\\/\",\"name\":\"2016\",\"description\":\"\",\"potentialAction\":[{\"@type\":\"SearchAction\",\"target\":{\"@type\":\"EntryPoint\",\"urlTemplate\":\"https:\\\/\\\/www.pictobello.ch\\\/edition-2016\\\/?s={search_term_string}\"},\"query-input\":{\"@type\":\"PropertyValueSpecification\",\"valueRequired\":true,\"valueName\":\"search_term_string\"}}],\"inLanguage\":\"fr-FR\"}]}<\/script>\n<!-- \/ Yoast SEO plugin. -->","yoast_head_json":{"title":"graphisme - 2016","robots":{"index":"index","follow":"follow","max-snippet":"max-snippet:-1","max-image-preview":"max-image-preview:large","max-video-preview":"max-video-preview:-1"},"canonical":"https:\/\/www.pictobello.ch\/edition-2016\/graphisme\/","schema":{"@context":"https:\/\/schema.org","@graph":[{"@type":"WebPage","@id":"https:\/\/www.pictobello.ch\/edition-2016\/graphisme\/","url":"https:\/\/www.pictobello.ch\/edition-2016\/graphisme\/","name":"graphisme - 2016","isPartOf":{"@id":"https:\/\/www.pictobello.ch\/edition-2016\/#website"},"primaryImageOfPage":{"@id":"https:\/\/www.pictobello.ch\/edition-2016\/graphisme\/#primaryimage"},"image":{"@id":"https:\/\/www.pictobello.ch\/edition-2016\/graphisme\/#primaryimage"},"thumbnailUrl":"http:\/\/www.pictobello.ch\/edition-2016\/wp-content\/uploads\/sites\/19\/2016\/05\/pictobello_papy.jpg","datePublished":"2016-03-03T08:03:45+00:00","dateModified":"2016-05-17T08:33:12+00:00","breadcrumb":{"@id":"https:\/\/www.pictobello.ch\/edition-2016\/graphisme\/#breadcrumb"},"inLanguage":"fr-FR","potentialAction":[{"@type":"ReadAction","target":["https:\/\/www.pictobello.ch\/edition-2016\/graphisme\/"]}]},{"@type":"ImageObject","inLanguage":"fr-FR","@id":"https:\/\/www.pictobello.ch\/edition-2016\/graphisme\/#primaryimage","url":"http:\/\/www.pictobello.ch\/edition-2016\/wp-content\/uploads\/sites\/19\/2016\/05\/pictobello_papy.jpg","contentUrl":"http:\/\/www.pictobello.ch\/edition-2016\/wp-content\/uploads\/sites\/19\/2016\/05\/pictobello_papy.jpg"},{"@type":"BreadcrumbList","@id":"https:\/\/www.pictobello.ch\/edition-2016\/graphisme\/#breadcrumb","itemListElement":[{"@type":"ListItem","position":1,"name":"Accueil","item":"https:\/\/www.pictobello.ch\/edition-2016\/"},{"@type":"ListItem","position":2,"name":"graphisme"}]},{"@type":"WebSite","@id":"https:\/\/www.pictobello.ch\/edition-2016\/#website","url":"https:\/\/www.pictobello.ch\/edition-2016\/","name":"2016","description":"","potentialAction":[{"@type":"SearchAction","target":{"@type":"EntryPoint","urlTemplate":"https:\/\/www.pictobello.ch\/edition-2016\/?s={search_term_string}"},"query-input":{"@type":"PropertyValueSpecification","valueRequired":true,"valueName":"search_term_string"}}],"inLanguage":"fr-FR"}]}},"_links":{"self":[{"href":"https:\/\/www.pictobello.ch\/edition-2016\/wp-json\/wp\/v2\/pages\/9","targetHints":{"allow":["GET"]}}],"collection":[{"href":"https:\/\/www.pictobello.ch\/edition-2016\/wp-json\/wp\/v2\/pages"}],"about":[{"href":"https:\/\/www.pictobello.ch\/edition-2016\/wp-json\/wp\/v2\/types\/page"}],"author":[{"embeddable":true,"href":"https:\/\/www.pictobello.ch\/edition-2016\/wp-json\/wp\/v2\/users\/1"}],"replies":[{"embeddable":true,"href":"https:\/\/www.pictobello.ch\/edition-2016\/wp-json\/wp\/v2\/comments?post=9"}],"version-history":[{"count":9,"href":"https:\/\/www.pictobello.ch\/edition-2016\/wp-json\/wp\/v2\/pages\/9\/revisions"}],"predecessor-version":[{"id":27,"href":"https:\/\/www.pictobello.ch\/edition-2016\/wp-json\/wp\/v2\/pages\/9\/revisions\/27"}],"wp:attachment":[{"href":"https:\/\/www.pictobello.ch\/edition-2016\/wp-json\/wp\/v2\/media?parent=9"}],"curies":[{"name":"wp","href":"https:\/\/api.w.org\/{rel}","templated":true}]}}