{"id":5,"date":"2019-04-26T09:53:55","date_gmt":"2019-04-26T07:53:55","guid":{"rendered":"http:\/\/www.pictobello.ch\/edition-2019\/pratique\/"},"modified":"2019-05-07T13:17:52","modified_gmt":"2019-05-07T11:17:52","slug":"pratique","status":"publish","type":"page","link":"https:\/\/www.pictobello.ch\/edition-2019\/pratique\/","title":{"rendered":"pratique"},"content":{"rendered":"<p>Pour la 16e \u00e9dition cons\u00e9cutive, PictoBello s\u2019immisce dans les rues de Vevey pour offrir au public et aux passant\u00b7e\u00b7s une bande-dessin\u00e9e g\u00e9ante ! Chaque ann\u00e9e les artistes s\u2019inspirent librement du th\u00e8me qui leur est propos\u00e9.<\/p>\n<p>Th\u00e8me 2019 : <strong>l&rsquo;art de l&rsquo;inversion<br \/>\n<\/strong><\/p>\n<p><a href=\"http:\/\/www.pictobello.ch\/edition-2019\/organisateur\/michel-thevoz\/\" target=\"_blank\" rel=\"noopener\">Michel\u00a0Th\u00e9voz<\/a>\u00a0a imagin\u00e9 un sc\u00e9nario intitul\u00e9 \u00abHyst\u00e9rologie\u00bb qui inspirera les artistes lors de la journ\u00e9e de cr\u00e9ation des dessins.<\/p>\n<p><strong>Samedi 08 juin 2019 <\/strong><b>| Journ\u00e9e de cr\u00e9ation des dessins\u00a0:<\/b><\/p>\n<ul>\n<li>Jardin du Mus\u00e9e Jenisch Vevey.<\/li>\n<li>10h-17h.<\/li>\n<li>Vernissage\u00a0dans le jardin du Mus\u00e9e Jenisch Vevey de 17h \u00e0 18h\u00a0en pr\u00e9sence des dessinateur\u00b7rice\u00b7s.<\/li>\n<li>En cas de pluie, les dessins sont r\u00e9alis\u00e9s \u00e0 l&rsquo;int\u00e9rieur du mus\u00e9e.<\/li>\n<li>Dessins \u00e0 d\u00e9couvrir jusqu\u2019au 30 juin 2019.<\/li>\n<\/ul>\n<p><img loading=\"lazy\" decoding=\"async\" src=\"http:\/\/www.pictobello.ch\/edition-2019\/wp-content\/uploads\/sites\/22\/2019\/05\/Carte-pour-site-213x300.png\" alt=\"\" width=\"213\" height=\"300\" class=\"alignnone size-medium wp-image-86\" srcset=\"https:\/\/www.pictobello.ch\/edition-2019\/wp-content\/uploads\/sites\/22\/2019\/05\/Carte-pour-site-213x300.png 213w, https:\/\/www.pictobello.ch\/edition-2019\/wp-content\/uploads\/sites\/22\/2019\/05\/Carte-pour-site-260x365.png 260w, https:\/\/www.pictobello.ch\/edition-2019\/wp-content\/uploads\/sites\/22\/2019\/05\/Carte-pour-site.png 355w\" sizes=\"auto, (max-width: 213px) 100vw, 213px\" \/><\/p>\n","protected":false},"excerpt":{"rendered":"<p>Pour la 16e \u00e9dition cons\u00e9cutive, PictoBello s\u2019immisce dans les rues de Vevey pour offrir au public et aux passant\u00b7e\u00b7s une bande-dessin\u00e9e g\u00e9ante ! Chaque ann\u00e9e les artistes s\u2019inspirent librement du th\u00e8me qui leur est propos\u00e9. Th\u00e8me 2019 : l&rsquo;art de l&rsquo;inversion Michel\u00a0Th\u00e9voz\u00a0a imagin\u00e9 un sc\u00e9nario intitul\u00e9 \u00abHyst\u00e9rologie\u00bb qui inspirera les artistes lors de la journ\u00e9e [&hellip;]<\/p>\n","protected":false},"author":1,"featured_media":0,"parent":0,"menu_order":1,"comment_status":"closed","ping_status":"closed","template":"","meta":{"_acf_changed":false,"_exactmetrics_skip_tracking":false,"_exactmetrics_sitenote_active":false,"_exactmetrics_sitenote_note":"","_exactmetrics_sitenote_category":0,"footnotes":""},"class_list":["post-5","page","type-page","status-publish","hentry"],"acf":[],"yoast_head":"<!-- This site is optimized with the Yoast SEO plugin v27.5 - https:\/\/yoast.com\/product\/yoast-seo-wordpress\/ -->\n<title>pratique - 2019<\/title>\n<meta name=\"robots\" content=\"index, follow, max-snippet:-1, max-image-preview:large, max-video-preview:-1\" \/>\n<link rel=\"canonical\" href=\"https:\/\/www.pictobello.ch\/edition-2019\/pratique\/\" \/>\n<meta property=\"og:locale\" content=\"fr_FR\" \/>\n<meta property=\"og:type\" content=\"article\" \/>\n<meta property=\"og:title\" content=\"pratique - 2019\" \/>\n<meta property=\"og:description\" content=\"Pour la 16e \u00e9dition cons\u00e9cutive, PictoBello s\u2019immisce dans les rues de Vevey pour offrir au public et aux passant\u00b7e\u00b7s une bande-dessin\u00e9e g\u00e9ante ! Chaque ann\u00e9e les artistes s\u2019inspirent librement du th\u00e8me qui leur est propos\u00e9. Th\u00e8me 2019 : l&rsquo;art de l&rsquo;inversion Michel\u00a0Th\u00e9voz\u00a0a imagin\u00e9 un sc\u00e9nario intitul\u00e9 \u00abHyst\u00e9rologie\u00bb qui inspirera les artistes lors de la journ\u00e9e [&hellip;]\" \/>\n<meta property=\"og:url\" content=\"https:\/\/www.pictobello.ch\/edition-2019\/pratique\/\" \/>\n<meta property=\"og:site_name\" content=\"2019\" \/>\n<meta property=\"article:modified_time\" content=\"2019-05-07T11:17:52+00:00\" \/>\n<meta property=\"og:image\" content=\"http:\/\/www.pictobello.ch\/edition-2019\/wp-content\/uploads\/sites\/22\/2019\/05\/Carte-pour-site-213x300.png\" \/>\n<meta name=\"twitter:card\" content=\"summary_large_image\" \/>\n<meta name=\"twitter:label1\" content=\"Dur\u00e9e de lecture estim\u00e9e\" \/>\n\t<meta name=\"twitter:data1\" content=\"1 minute\" \/>\n<script type=\"application\/ld+json\" class=\"yoast-schema-graph\">{\"@context\":\"https:\\\/\\\/schema.org\",\"@graph\":[{\"@type\":\"WebPage\",\"@id\":\"https:\\\/\\\/www.pictobello.ch\\\/edition-2019\\\/pratique\\\/\",\"url\":\"https:\\\/\\\/www.pictobello.ch\\\/edition-2019\\\/pratique\\\/\",\"name\":\"pratique - 2019\",\"isPartOf\":{\"@id\":\"https:\\\/\\\/www.pictobello.ch\\\/edition-2019\\\/#website\"},\"primaryImageOfPage\":{\"@id\":\"https:\\\/\\\/www.pictobello.ch\\\/edition-2019\\\/pratique\\\/#primaryimage\"},\"image\":{\"@id\":\"https:\\\/\\\/www.pictobello.ch\\\/edition-2019\\\/pratique\\\/#primaryimage\"},\"thumbnailUrl\":\"http:\\\/\\\/www.pictobello.ch\\\/edition-2019\\\/wp-content\\\/uploads\\\/sites\\\/22\\\/2019\\\/05\\\/Carte-pour-site-213x300.png\",\"datePublished\":\"2019-04-26T07:53:55+00:00\",\"dateModified\":\"2019-05-07T11:17:52+00:00\",\"breadcrumb\":{\"@id\":\"https:\\\/\\\/www.pictobello.ch\\\/edition-2019\\\/pratique\\\/#breadcrumb\"},\"inLanguage\":\"fr-FR\",\"potentialAction\":[{\"@type\":\"ReadAction\",\"target\":[\"https:\\\/\\\/www.pictobello.ch\\\/edition-2019\\\/pratique\\\/\"]}]},{\"@type\":\"ImageObject\",\"inLanguage\":\"fr-FR\",\"@id\":\"https:\\\/\\\/www.pictobello.ch\\\/edition-2019\\\/pratique\\\/#primaryimage\",\"url\":\"http:\\\/\\\/www.pictobello.ch\\\/edition-2019\\\/wp-content\\\/uploads\\\/sites\\\/22\\\/2019\\\/05\\\/Carte-pour-site-213x300.png\",\"contentUrl\":\"http:\\\/\\\/www.pictobello.ch\\\/edition-2019\\\/wp-content\\\/uploads\\\/sites\\\/22\\\/2019\\\/05\\\/Carte-pour-site-213x300.png\"},{\"@type\":\"BreadcrumbList\",\"@id\":\"https:\\\/\\\/www.pictobello.ch\\\/edition-2019\\\/pratique\\\/#breadcrumb\",\"itemListElement\":[{\"@type\":\"ListItem\",\"position\":1,\"name\":\"Accueil\",\"item\":\"https:\\\/\\\/www.pictobello.ch\\\/edition-2019\\\/\"},{\"@type\":\"ListItem\",\"position\":2,\"name\":\"pratique\"}]},{\"@type\":\"WebSite\",\"@id\":\"https:\\\/\\\/www.pictobello.ch\\\/edition-2019\\\/#website\",\"url\":\"https:\\\/\\\/www.pictobello.ch\\\/edition-2019\\\/\",\"name\":\"2019\",\"description\":\"Un site utilisant R\u00e9seau PictoBello\",\"potentialAction\":[{\"@type\":\"SearchAction\",\"target\":{\"@type\":\"EntryPoint\",\"urlTemplate\":\"https:\\\/\\\/www.pictobello.ch\\\/edition-2019\\\/?s={search_term_string}\"},\"query-input\":{\"@type\":\"PropertyValueSpecification\",\"valueRequired\":true,\"valueName\":\"search_term_string\"}}],\"inLanguage\":\"fr-FR\"}]}<\/script>\n<!-- \/ Yoast SEO plugin. -->","yoast_head_json":{"title":"pratique - 2019","robots":{"index":"index","follow":"follow","max-snippet":"max-snippet:-1","max-image-preview":"max-image-preview:large","max-video-preview":"max-video-preview:-1"},"canonical":"https:\/\/www.pictobello.ch\/edition-2019\/pratique\/","og_locale":"fr_FR","og_type":"article","og_title":"pratique - 2019","og_description":"Pour la 16e \u00e9dition cons\u00e9cutive, PictoBello s\u2019immisce dans les rues de Vevey pour offrir au public et aux passant\u00b7e\u00b7s une bande-dessin\u00e9e g\u00e9ante ! Chaque ann\u00e9e les artistes s\u2019inspirent librement du th\u00e8me qui leur est propos\u00e9. Th\u00e8me 2019 : l&rsquo;art de l&rsquo;inversion Michel\u00a0Th\u00e9voz\u00a0a imagin\u00e9 un sc\u00e9nario intitul\u00e9 \u00abHyst\u00e9rologie\u00bb qui inspirera les artistes lors de la journ\u00e9e [&hellip;]","og_url":"https:\/\/www.pictobello.ch\/edition-2019\/pratique\/","og_site_name":"2019","article_modified_time":"2019-05-07T11:17:52+00:00","og_image":[{"url":"http:\/\/www.pictobello.ch\/edition-2019\/wp-content\/uploads\/sites\/22\/2019\/05\/Carte-pour-site-213x300.png","type":"","width":"","height":""}],"twitter_card":"summary_large_image","twitter_misc":{"Dur\u00e9e de lecture estim\u00e9e":"1 minute"},"schema":{"@context":"https:\/\/schema.org","@graph":[{"@type":"WebPage","@id":"https:\/\/www.pictobello.ch\/edition-2019\/pratique\/","url":"https:\/\/www.pictobello.ch\/edition-2019\/pratique\/","name":"pratique - 2019","isPartOf":{"@id":"https:\/\/www.pictobello.ch\/edition-2019\/#website"},"primaryImageOfPage":{"@id":"https:\/\/www.pictobello.ch\/edition-2019\/pratique\/#primaryimage"},"image":{"@id":"https:\/\/www.pictobello.ch\/edition-2019\/pratique\/#primaryimage"},"thumbnailUrl":"http:\/\/www.pictobello.ch\/edition-2019\/wp-content\/uploads\/sites\/22\/2019\/05\/Carte-pour-site-213x300.png","datePublished":"2019-04-26T07:53:55+00:00","dateModified":"2019-05-07T11:17:52+00:00","breadcrumb":{"@id":"https:\/\/www.pictobello.ch\/edition-2019\/pratique\/#breadcrumb"},"inLanguage":"fr-FR","potentialAction":[{"@type":"ReadAction","target":["https:\/\/www.pictobello.ch\/edition-2019\/pratique\/"]}]},{"@type":"ImageObject","inLanguage":"fr-FR","@id":"https:\/\/www.pictobello.ch\/edition-2019\/pratique\/#primaryimage","url":"http:\/\/www.pictobello.ch\/edition-2019\/wp-content\/uploads\/sites\/22\/2019\/05\/Carte-pour-site-213x300.png","contentUrl":"http:\/\/www.pictobello.ch\/edition-2019\/wp-content\/uploads\/sites\/22\/2019\/05\/Carte-pour-site-213x300.png"},{"@type":"BreadcrumbList","@id":"https:\/\/www.pictobello.ch\/edition-2019\/pratique\/#breadcrumb","itemListElement":[{"@type":"ListItem","position":1,"name":"Accueil","item":"https:\/\/www.pictobello.ch\/edition-2019\/"},{"@type":"ListItem","position":2,"name":"pratique"}]},{"@type":"WebSite","@id":"https:\/\/www.pictobello.ch\/edition-2019\/#website","url":"https:\/\/www.pictobello.ch\/edition-2019\/","name":"2019","description":"Un site utilisant R\u00e9seau PictoBello","potentialAction":[{"@type":"SearchAction","target":{"@type":"EntryPoint","urlTemplate":"https:\/\/www.pictobello.ch\/edition-2019\/?s={search_term_string}"},"query-input":{"@type":"PropertyValueSpecification","valueRequired":true,"valueName":"search_term_string"}}],"inLanguage":"fr-FR"}]}},"_links":{"self":[{"href":"https:\/\/www.pictobello.ch\/edition-2019\/wp-json\/wp\/v2\/pages\/5","targetHints":{"allow":["GET"]}}],"collection":[{"href":"https:\/\/www.pictobello.ch\/edition-2019\/wp-json\/wp\/v2\/pages"}],"about":[{"href":"https:\/\/www.pictobello.ch\/edition-2019\/wp-json\/wp\/v2\/types\/page"}],"author":[{"embeddable":true,"href":"https:\/\/www.pictobello.ch\/edition-2019\/wp-json\/wp\/v2\/users\/1"}],"replies":[{"embeddable":true,"href":"https:\/\/www.pictobello.ch\/edition-2019\/wp-json\/wp\/v2\/comments?post=5"}],"version-history":[{"count":6,"href":"https:\/\/www.pictobello.ch\/edition-2019\/wp-json\/wp\/v2\/pages\/5\/revisions"}],"predecessor-version":[{"id":87,"href":"https:\/\/www.pictobello.ch\/edition-2019\/wp-json\/wp\/v2\/pages\/5\/revisions\/87"}],"wp:attachment":[{"href":"https:\/\/www.pictobello.ch\/edition-2019\/wp-json\/wp\/v2\/media?parent=5"}],"curies":[{"name":"wp","href":"https:\/\/api.w.org\/{rel}","templated":true}]}}

<p>Pour la 16e édition consécutive, PictoBello s’immisce dans les rues de Vevey pour offrir au public et aux passant·e·s une bande-dessinée géante ! Chaque année les artistes s’inspirent librement du thème qui leur est proposé.</p>
<p>Thème 2019 : <strong>l&rsquo;art de l&rsquo;inversion<br />
</strong></p>
<p><a href="http://www.pictobello.ch/edition-2019/organisateur/michel-thevoz/" target="_blank" rel="noopener">Michel Thévoz</a> a imaginé un scénario intitulé «Hystérologie» qui inspirera les artistes lors de la journée de création des dessins.</p>
<p><strong>Samedi 08 juin 2019 </strong><b>| Journée de création des dessins :</b></p>
<ul>
<li>Jardin du Musée Jenisch Vevey.</li>
<li>10h-17h.</li>
<li>Vernissage dans le jardin du Musée Jenisch Vevey de 17h à 18h en présence des dessinateur·rice·s.</li>
<li>En cas de pluie, les dessins sont réalisés à l&rsquo;intérieur du musée.</li>
<li>Dessins à découvrir jusqu’au 30 juin 2019.</li>
</ul>
<p><img loading="lazy" decoding="async" src="http://www.pictobello.ch/edition-2019/wp-content/uploads/sites/22/2019/05/Carte-pour-site-213x300.png" alt="" width="213" height="300" class="alignnone size-medium wp-image-86" srcset="https://www.pictobello.ch/edition-2019/wp-content/uploads/sites/22/2019/05/Carte-pour-site-213x300.png 213w, https://www.pictobello.ch/edition-2019/wp-content/uploads/sites/22/2019/05/Carte-pour-site-260x365.png 260w, https://www.pictobello.ch/edition-2019/wp-content/uploads/sites/22/2019/05/Carte-pour-site.png 355w" sizes="auto, (max-width: 213px) 100vw, 213px" /></p>

<p>Pour la 16e édition consécutive, PictoBello s’immisce dans les rues de Vevey pour offrir au public et aux passant·e·s une bande-dessinée géante ! Chaque année les artistes s’inspirent librement du thème qui leur est proposé. Thème 2019 : l&rsquo;art de l&rsquo;inversion Michel Thévoz a imaginé un scénario intitulé «Hystérologie» qui inspirera les artistes lors de la journée [&hellip;]</p>

<!-- This site is optimized with the Yoast SEO plugin v27.5 - https://yoast.com/product/yoast-seo-wordpress/ -->
<title>pratique - 2019</title>
<meta name="robots" content="index, follow, max-snippet:-1, max-image-preview:large, max-video-preview:-1" />
<link rel="canonical" href="https://www.pictobello.ch/edition-2019/pratique/" />
<meta property="og:locale" content="fr_FR" />
<meta property="og:type" content="article" />
<meta property="og:title" content="pratique - 2019" />
<meta property="og:description" content="Pour la 16e édition consécutive, PictoBello s’immisce dans les rues de Vevey pour offrir au public et aux passant·e·s une bande-dessinée géante ! Chaque année les artistes s’inspirent librement du thème qui leur est proposé. Thème 2019 : l&rsquo;art de l&rsquo;inversion Michel Thévoz a imaginé un scénario intitulé «Hystérologie» qui inspirera les artistes lors de la journée [&hellip;]" />
<meta property="og:url" content="https://www.pictobello.ch/edition-2019/pratique/" />
<meta property="og:site_name" content="2019" />
<meta property="article:modified_time" content="2019-05-07T11:17:52+00:00" />
<meta property="og:image" content="http://www.pictobello.ch/edition-2019/wp-content/uploads/sites/22/2019/05/Carte-pour-site-213x300.png" />
<meta name="twitter:card" content="summary_large_image" />
<meta name="twitter:label1" content="Durée de lecture estimée" />
	<meta name="twitter:data1" content="1 minute" />
<script type="application/ld+json" class="yoast-schema-graph">{"@context":"https:\/\/schema.org","@graph":[{"@type":"WebPage","@id":"https:\/\/www.pictobello.ch\/edition-2019\/pratique\/","url":"https:\/\/www.pictobello.ch\/edition-2019\/pratique\/","name":"pratique - 2019","isPartOf":{"@id":"https:\/\/www.pictobello.ch\/edition-2019\/#website"},"primaryImageOfPage":{"@id":"https:\/\/www.pictobello.ch\/edition-2019\/pratique\/#primaryimage"},"image":{"@id":"https:\/\/www.pictobello.ch\/edition-2019\/pratique\/#primaryimage"},"thumbnailUrl":"http:\/\/www.pictobello.ch\/edition-2019\/wp-content\/uploads\/sites\/22\/2019\/05\/Carte-pour-site-213x300.png","datePublished":"2019-04-26T07:53:55+00:00","dateModified":"2019-05-07T11:17:52+00:00","breadcrumb":{"@id":"https:\/\/www.pictobello.ch\/edition-2019\/pratique\/#breadcrumb"},"inLanguage":"fr-FR","potentialAction":[{"@type":"ReadAction","target":["https:\/\/www.pictobello.ch\/edition-2019\/pratique\/"]}]},{"@type":"ImageObject","inLanguage":"fr-FR","@id":"https:\/\/www.pictobello.ch\/edition-2019\/pratique\/#primaryimage","url":"http:\/\/www.pictobello.ch\/edition-2019\/wp-content\/uploads\/sites\/22\/2019\/05\/Carte-pour-site-213x300.png","contentUrl":"http:\/\/www.pictobello.ch\/edition-2019\/wp-content\/uploads\/sites\/22\/2019\/05\/Carte-pour-site-213x300.png"},{"@type":"BreadcrumbList","@id":"https:\/\/www.pictobello.ch\/edition-2019\/pratique\/#breadcrumb","itemListElement":[{"@type":"ListItem","position":1,"name":"Accueil","item":"https:\/\/www.pictobello.ch\/edition-2019\/"},{"@type":"ListItem","position":2,"name":"pratique"}]},{"@type":"WebSite","@id":"https:\/\/www.pictobello.ch\/edition-2019\/#website","url":"https:\/\/www.pictobello.ch\/edition-2019\/","name":"2019","description":"Un site utilisant Réseau PictoBello","potentialAction":[{"@type":"SearchAction","target":{"@type":"EntryPoint","urlTemplate":"https:\/\/www.pictobello.ch\/edition-2019\/?s={search_term_string}"},"query-input":{"@type":"PropertyValueSpecification","valueRequired":true,"valueName":"search_term_string"}}],"inLanguage":"fr-FR"}]}</script>
<!-- / Yoast SEO plugin. -->

Pour la 16e édition consécutive, PictoBello s’immisce dans les rues de Vevey pour offrir au public et aux passant·e·s une bande-dessinée géante ! Chaque année les artistes s’inspirent librement du thème qui leur est proposé. Thème 2019 : l&rsquo;art de l&rsquo;inversion Michel Thévoz a imaginé un scénario intitulé «Hystérologie» qui inspirera les artistes lors de la journée [&hellip;]

Un site utilisant Réseau PictoBello
