{"id":5,"date":"2021-05-27T08:24:38","date_gmt":"2021-05-27T06:24:38","guid":{"rendered":"https:\/\/www.pictobello.ch\/edition-2021\/pratique\/"},"modified":"2022-04-12T14:04:39","modified_gmt":"2022-04-12T12:04:39","slug":"pratique","status":"publish","type":"page","link":"https:\/\/www.pictobello.ch\/edition-2021\/pratique\/","title":{"rendered":"pratique"},"content":{"rendered":"<p><strong>PictoBello, c&rsquo;est ce samedi 19 juin 2021, de 10h \u00e0 18h, avec en invit\u00e9\u00b7e\u00b7s d&rsquo;honneur Edmond Baudoin (FR) et Maurane Mazars (FR)!<\/strong><\/p>\n<p>Pour la 17e \u00e9dition, PictoBello s\u2019immisce dans les rues de Vevey pour offrir au public et aux passant\u00b7e\u00b7s une bande-dessin\u00e9e g\u00e9ante ! Chaque ann\u00e9e les artistes s\u2019inspirent librement du th\u00e8me qui leur est propos\u00e9.<\/p>\n<p>Th\u00e8me 2021 : <strong>50\u00e8me anniversaire du droit de vote des femmes en Suisse<br \/>\n<\/strong><\/p>\n<p>Roxane Gray a imagin\u00e9 un sc\u00e9nario intitul\u00e9 \u00ab8 millions de voix\u00bb qui inspirera les artistes lors de la journ\u00e9e de cr\u00e9ation des dessins.<\/p>\n<p><strong>Samedi 19 juin 2021 <\/strong><b>| Journ\u00e9e de cr\u00e9ation des dessins*<br \/>\n<\/b><\/p>\n<ul>\n<li>Public bienvenu d\u00e8s 10h00.<\/li>\n<li>Sites : Sous la Grenette, Place du March\u00e9, Place de la Gare, Jardin du Mus\u00e9e Jenisch Vevey, Place de l&rsquo;H\u00f4tel-de-Ville.<\/li>\n<li>Dessins \u00e0 d\u00e9couvrir jusqu\u2019au 11 juillet 2021.<\/li>\n<\/ul>\n<p>Vu la situation sanitaire actuelle, le vernissage de PictoBello ne pourra malheureusement pas avoir lieu cette ann\u00e9e. Mais deux visites guid\u00e9es sont pr\u00e9vues ce samedi 19 juin pour aller \u00e0 la rencontre du festival et des artistes!<\/p>\n<ul>\n<li>14h: visite guid\u00e9e par Joana Duarte &#8211; charg\u00e9e de communication de PictoBello<\/li>\n<li>16h: visite guid\u00e9e par Valentine Paley &#8211; directrice de PictoBello en pr\u00e9sence d&rsquo;Anna Sommer &#8211; marraine du fonds PictoBella et Roxane Gray &#8211; autrice du sc\u00e9nario \u00ab\u00a08 millions de voix\u00a0\u00bb<\/li>\n<\/ul>\n<p>Inscriptions: ce samedi au stand d&rsquo;information sous la Grenette<\/p>\n<p><em>*La tenue de tout ou partie de l\u2019\u00e9v\u00e8nement est contingente \u00e0 l\u2019\u00e9volution de la situation sanitaire et des mesures de protection associ\u00e9es. En cas de doute, nous vous invitons \u00e0 consulter notre site web.<\/em><\/p>\n<p><a href=\"https:\/\/www.pictobello.ch\/edition-2021\/pratique\/pictobello_plan_2021\/\" rel=\"attachment wp-att-118\"><img loading=\"lazy\" decoding=\"async\" class=\"alignnone wp-image-118 size-large\" src=\"https:\/\/www.pictobello.ch\/edition-2021\/wp-content\/uploads\/sites\/23\/2021\/05\/PictoBello_plan_2021-736x1024.jpg\" alt=\"\" width=\"736\" height=\"1024\" srcset=\"https:\/\/www.pictobello.ch\/edition-2021\/wp-content\/uploads\/sites\/23\/2021\/05\/PictoBello_plan_2021-736x1024.jpg 736w, https:\/\/www.pictobello.ch\/edition-2021\/wp-content\/uploads\/sites\/23\/2021\/05\/PictoBello_plan_2021-216x300.jpg 216w, https:\/\/www.pictobello.ch\/edition-2021\/wp-content\/uploads\/sites\/23\/2021\/05\/PictoBello_plan_2021-768x1068.jpg 768w, https:\/\/www.pictobello.ch\/edition-2021\/wp-content\/uploads\/sites\/23\/2021\/05\/PictoBello_plan_2021-1104x1536.jpg 1104w, https:\/\/www.pictobello.ch\/edition-2021\/wp-content\/uploads\/sites\/23\/2021\/05\/PictoBello_plan_2021-1473x2048.jpg 1473w, https:\/\/www.pictobello.ch\/edition-2021\/wp-content\/uploads\/sites\/23\/2021\/05\/PictoBello_plan_2021-260x362.jpg 260w, https:\/\/www.pictobello.ch\/edition-2021\/wp-content\/uploads\/sites\/23\/2021\/05\/PictoBello_plan_2021-575x800.jpg 575w, https:\/\/www.pictobello.ch\/edition-2021\/wp-content\/uploads\/sites\/23\/2021\/05\/PictoBello_plan_2021-640x890.jpg 640w, https:\/\/www.pictobello.ch\/edition-2021\/wp-content\/uploads\/sites\/23\/2021\/05\/PictoBello_plan_2021-scaled.jpg 1841w\" sizes=\"auto, (max-width: 736px) 100vw, 736px\" \/><\/a><\/p>\n","protected":false},"excerpt":{"rendered":"<p>PictoBello, c&rsquo;est ce samedi 19 juin 2021, de 10h \u00e0 18h, avec en invit\u00e9\u00b7e\u00b7s d&rsquo;honneur Edmond Baudoin (FR) et Maurane Mazars (FR)! Pour la 17e \u00e9dition, PictoBello s\u2019immisce dans les rues de Vevey pour offrir au public et aux passant\u00b7e\u00b7s une bande-dessin\u00e9e g\u00e9ante ! Chaque ann\u00e9e les artistes s\u2019inspirent librement du th\u00e8me qui leur est [&hellip;]<\/p>\n","protected":false},"author":1,"featured_media":0,"parent":0,"menu_order":2,"comment_status":"closed","ping_status":"closed","template":"","meta":{"_acf_changed":false,"_exactmetrics_skip_tracking":false,"_exactmetrics_sitenote_active":false,"_exactmetrics_sitenote_note":"","_exactmetrics_sitenote_category":0,"footnotes":""},"class_list":["post-5","page","type-page","status-publish","hentry"],"acf":[],"yoast_head":"<!-- This site is optimized with the Yoast SEO plugin v27.5 - https:\/\/yoast.com\/product\/yoast-seo-wordpress\/ -->\n<title>pratique - 2021<\/title>\n<meta name=\"robots\" content=\"index, follow, max-snippet:-1, max-image-preview:large, max-video-preview:-1\" \/>\n<link rel=\"canonical\" href=\"https:\/\/www.pictobello.ch\/edition-2021\/pratique\/\" \/>\n<meta property=\"og:locale\" content=\"fr_FR\" \/>\n<meta property=\"og:type\" content=\"article\" \/>\n<meta property=\"og:title\" content=\"pratique - 2021\" \/>\n<meta property=\"og:description\" content=\"PictoBello, c&rsquo;est ce samedi 19 juin 2021, de 10h \u00e0 18h, avec en invit\u00e9\u00b7e\u00b7s d&rsquo;honneur Edmond Baudoin (FR) et Maurane Mazars (FR)! Pour la 17e \u00e9dition, PictoBello s\u2019immisce dans les rues de Vevey pour offrir au public et aux passant\u00b7e\u00b7s une bande-dessin\u00e9e g\u00e9ante ! Chaque ann\u00e9e les artistes s\u2019inspirent librement du th\u00e8me qui leur est [&hellip;]\" \/>\n<meta property=\"og:url\" content=\"https:\/\/www.pictobello.ch\/edition-2021\/pratique\/\" \/>\n<meta property=\"og:site_name\" content=\"2021\" \/>\n<meta property=\"article:modified_time\" content=\"2022-04-12T12:04:39+00:00\" \/>\n<meta property=\"og:image\" content=\"https:\/\/www.pictobello.ch\/edition-2021\/wp-content\/uploads\/sites\/23\/2021\/05\/PictoBello_plan_2021-736x1024.jpg\" \/>\n<meta name=\"twitter:card\" content=\"summary_large_image\" \/>\n<meta name=\"twitter:label1\" content=\"Dur\u00e9e de lecture estim\u00e9e\" \/>\n\t<meta name=\"twitter:data1\" content=\"2 minutes\" \/>\n<script type=\"application\/ld+json\" class=\"yoast-schema-graph\">{\"@context\":\"https:\\\/\\\/schema.org\",\"@graph\":[{\"@type\":\"WebPage\",\"@id\":\"https:\\\/\\\/www.pictobello.ch\\\/edition-2021\\\/pratique\\\/\",\"url\":\"https:\\\/\\\/www.pictobello.ch\\\/edition-2021\\\/pratique\\\/\",\"name\":\"pratique - 2021\",\"isPartOf\":{\"@id\":\"https:\\\/\\\/www.pictobello.ch\\\/edition-2021\\\/#website\"},\"primaryImageOfPage\":{\"@id\":\"https:\\\/\\\/www.pictobello.ch\\\/edition-2021\\\/pratique\\\/#primaryimage\"},\"image\":{\"@id\":\"https:\\\/\\\/www.pictobello.ch\\\/edition-2021\\\/pratique\\\/#primaryimage\"},\"thumbnailUrl\":\"https:\\\/\\\/www.pictobello.ch\\\/edition-2021\\\/wp-content\\\/uploads\\\/sites\\\/23\\\/2021\\\/05\\\/PictoBello_plan_2021-736x1024.jpg\",\"datePublished\":\"2021-05-27T06:24:38+00:00\",\"dateModified\":\"2022-04-12T12:04:39+00:00\",\"breadcrumb\":{\"@id\":\"https:\\\/\\\/www.pictobello.ch\\\/edition-2021\\\/pratique\\\/#breadcrumb\"},\"inLanguage\":\"fr-FR\",\"potentialAction\":[{\"@type\":\"ReadAction\",\"target\":[\"https:\\\/\\\/www.pictobello.ch\\\/edition-2021\\\/pratique\\\/\"]}]},{\"@type\":\"ImageObject\",\"inLanguage\":\"fr-FR\",\"@id\":\"https:\\\/\\\/www.pictobello.ch\\\/edition-2021\\\/pratique\\\/#primaryimage\",\"url\":\"https:\\\/\\\/www.pictobello.ch\\\/edition-2021\\\/wp-content\\\/uploads\\\/sites\\\/23\\\/2021\\\/05\\\/PictoBello_plan_2021-scaled.jpg\",\"contentUrl\":\"https:\\\/\\\/www.pictobello.ch\\\/edition-2021\\\/wp-content\\\/uploads\\\/sites\\\/23\\\/2021\\\/05\\\/PictoBello_plan_2021-scaled.jpg\",\"width\":1841,\"height\":2560},{\"@type\":\"BreadcrumbList\",\"@id\":\"https:\\\/\\\/www.pictobello.ch\\\/edition-2021\\\/pratique\\\/#breadcrumb\",\"itemListElement\":[{\"@type\":\"ListItem\",\"position\":1,\"name\":\"Accueil\",\"item\":\"https:\\\/\\\/www.pictobello.ch\\\/edition-2021\\\/\"},{\"@type\":\"ListItem\",\"position\":2,\"name\":\"pratique\"}]},{\"@type\":\"WebSite\",\"@id\":\"https:\\\/\\\/www.pictobello.ch\\\/edition-2021\\\/#website\",\"url\":\"https:\\\/\\\/www.pictobello.ch\\\/edition-2021\\\/\",\"name\":\"2021\",\"description\":\"Un site utilisant R\u00e9seau PictoBello\",\"potentialAction\":[{\"@type\":\"SearchAction\",\"target\":{\"@type\":\"EntryPoint\",\"urlTemplate\":\"https:\\\/\\\/www.pictobello.ch\\\/edition-2021\\\/?s={search_term_string}\"},\"query-input\":{\"@type\":\"PropertyValueSpecification\",\"valueRequired\":true,\"valueName\":\"search_term_string\"}}],\"inLanguage\":\"fr-FR\"}]}<\/script>\n<!-- \/ Yoast SEO plugin. -->","yoast_head_json":{"title":"pratique - 2021","robots":{"index":"index","follow":"follow","max-snippet":"max-snippet:-1","max-image-preview":"max-image-preview:large","max-video-preview":"max-video-preview:-1"},"canonical":"https:\/\/www.pictobello.ch\/edition-2021\/pratique\/","og_locale":"fr_FR","og_type":"article","og_title":"pratique - 2021","og_description":"PictoBello, c&rsquo;est ce samedi 19 juin 2021, de 10h \u00e0 18h, avec en invit\u00e9\u00b7e\u00b7s d&rsquo;honneur Edmond Baudoin (FR) et Maurane Mazars (FR)! Pour la 17e \u00e9dition, PictoBello s\u2019immisce dans les rues de Vevey pour offrir au public et aux passant\u00b7e\u00b7s une bande-dessin\u00e9e g\u00e9ante ! Chaque ann\u00e9e les artistes s\u2019inspirent librement du th\u00e8me qui leur est [&hellip;]","og_url":"https:\/\/www.pictobello.ch\/edition-2021\/pratique\/","og_site_name":"2021","article_modified_time":"2022-04-12T12:04:39+00:00","og_image":[{"url":"https:\/\/www.pictobello.ch\/edition-2021\/wp-content\/uploads\/sites\/23\/2021\/05\/PictoBello_plan_2021-736x1024.jpg","type":"","width":"","height":""}],"twitter_card":"summary_large_image","twitter_misc":{"Dur\u00e9e de lecture estim\u00e9e":"2 minutes"},"schema":{"@context":"https:\/\/schema.org","@graph":[{"@type":"WebPage","@id":"https:\/\/www.pictobello.ch\/edition-2021\/pratique\/","url":"https:\/\/www.pictobello.ch\/edition-2021\/pratique\/","name":"pratique - 2021","isPartOf":{"@id":"https:\/\/www.pictobello.ch\/edition-2021\/#website"},"primaryImageOfPage":{"@id":"https:\/\/www.pictobello.ch\/edition-2021\/pratique\/#primaryimage"},"image":{"@id":"https:\/\/www.pictobello.ch\/edition-2021\/pratique\/#primaryimage"},"thumbnailUrl":"https:\/\/www.pictobello.ch\/edition-2021\/wp-content\/uploads\/sites\/23\/2021\/05\/PictoBello_plan_2021-736x1024.jpg","datePublished":"2021-05-27T06:24:38+00:00","dateModified":"2022-04-12T12:04:39+00:00","breadcrumb":{"@id":"https:\/\/www.pictobello.ch\/edition-2021\/pratique\/#breadcrumb"},"inLanguage":"fr-FR","potentialAction":[{"@type":"ReadAction","target":["https:\/\/www.pictobello.ch\/edition-2021\/pratique\/"]}]},{"@type":"ImageObject","inLanguage":"fr-FR","@id":"https:\/\/www.pictobello.ch\/edition-2021\/pratique\/#primaryimage","url":"https:\/\/www.pictobello.ch\/edition-2021\/wp-content\/uploads\/sites\/23\/2021\/05\/PictoBello_plan_2021-scaled.jpg","contentUrl":"https:\/\/www.pictobello.ch\/edition-2021\/wp-content\/uploads\/sites\/23\/2021\/05\/PictoBello_plan_2021-scaled.jpg","width":1841,"height":2560},{"@type":"BreadcrumbList","@id":"https:\/\/www.pictobello.ch\/edition-2021\/pratique\/#breadcrumb","itemListElement":[{"@type":"ListItem","position":1,"name":"Accueil","item":"https:\/\/www.pictobello.ch\/edition-2021\/"},{"@type":"ListItem","position":2,"name":"pratique"}]},{"@type":"WebSite","@id":"https:\/\/www.pictobello.ch\/edition-2021\/#website","url":"https:\/\/www.pictobello.ch\/edition-2021\/","name":"2021","description":"Un site utilisant R\u00e9seau PictoBello","potentialAction":[{"@type":"SearchAction","target":{"@type":"EntryPoint","urlTemplate":"https:\/\/www.pictobello.ch\/edition-2021\/?s={search_term_string}"},"query-input":{"@type":"PropertyValueSpecification","valueRequired":true,"valueName":"search_term_string"}}],"inLanguage":"fr-FR"}]}},"_links":{"self":[{"href":"https:\/\/www.pictobello.ch\/edition-2021\/wp-json\/wp\/v2\/pages\/5","targetHints":{"allow":["GET"]}}],"collection":[{"href":"https:\/\/www.pictobello.ch\/edition-2021\/wp-json\/wp\/v2\/pages"}],"about":[{"href":"https:\/\/www.pictobello.ch\/edition-2021\/wp-json\/wp\/v2\/types\/page"}],"author":[{"embeddable":true,"href":"https:\/\/www.pictobello.ch\/edition-2021\/wp-json\/wp\/v2\/users\/1"}],"replies":[{"embeddable":true,"href":"https:\/\/www.pictobello.ch\/edition-2021\/wp-json\/wp\/v2\/comments?post=5"}],"version-history":[{"count":16,"href":"https:\/\/www.pictobello.ch\/edition-2021\/wp-json\/wp\/v2\/pages\/5\/revisions"}],"predecessor-version":[{"id":416,"href":"https:\/\/www.pictobello.ch\/edition-2021\/wp-json\/wp\/v2\/pages\/5\/revisions\/416"}],"wp:attachment":[{"href":"https:\/\/www.pictobello.ch\/edition-2021\/wp-json\/wp\/v2\/media?parent=5"}],"curies":[{"name":"wp","href":"https:\/\/api.w.org\/{rel}","templated":true}]}}

<p><strong>PictoBello, c&rsquo;est ce samedi 19 juin 2021, de 10h à 18h, avec en invité·e·s d&rsquo;honneur Edmond Baudoin (FR) et Maurane Mazars (FR)!</strong></p>
<p>Pour la 17e édition, PictoBello s’immisce dans les rues de Vevey pour offrir au public et aux passant·e·s une bande-dessinée géante ! Chaque année les artistes s’inspirent librement du thème qui leur est proposé.</p>
<p>Thème 2021 : <strong>50ème anniversaire du droit de vote des femmes en Suisse<br />
</strong></p>
<p>Roxane Gray a imaginé un scénario intitulé «8 millions de voix» qui inspirera les artistes lors de la journée de création des dessins.</p>
<p><strong>Samedi 19 juin 2021 </strong><b>| Journée de création des dessins*<br />
</b></p>
<ul>
<li>Public bienvenu dès 10h00.</li>
<li>Sites : Sous la Grenette, Place du Marché, Place de la Gare, Jardin du Musée Jenisch Vevey, Place de l&rsquo;Hôtel-de-Ville.</li>
<li>Dessins à découvrir jusqu’au 11 juillet 2021.</li>
</ul>
<p>Vu la situation sanitaire actuelle, le vernissage de PictoBello ne pourra malheureusement pas avoir lieu cette année. Mais deux visites guidées sont prévues ce samedi 19 juin pour aller à la rencontre du festival et des artistes!</p>
<ul>
<li>14h: visite guidée par Joana Duarte &#8211; chargée de communication de PictoBello</li>
<li>16h: visite guidée par Valentine Paley &#8211; directrice de PictoBello en présence d&rsquo;Anna Sommer &#8211; marraine du fonds PictoBella et Roxane Gray &#8211; autrice du scénario « 8 millions de voix »</li>
</ul>
<p>Inscriptions: ce samedi au stand d&rsquo;information sous la Grenette</p>
<p><em>*La tenue de tout ou partie de l’évènement est contingente à l’évolution de la situation sanitaire et des mesures de protection associées. En cas de doute, nous vous invitons à consulter notre site web.</em></p>
<p><a href="https://www.pictobello.ch/edition-2021/pratique/pictobello_plan_2021/" rel="attachment wp-att-118"><img loading="lazy" decoding="async" class="alignnone wp-image-118 size-large" src="https://www.pictobello.ch/edition-2021/wp-content/uploads/sites/23/2021/05/PictoBello_plan_2021-736x1024.jpg" alt="" width="736" height="1024" srcset="https://www.pictobello.ch/edition-2021/wp-content/uploads/sites/23/2021/05/PictoBello_plan_2021-736x1024.jpg 736w, https://www.pictobello.ch/edition-2021/wp-content/uploads/sites/23/2021/05/PictoBello_plan_2021-216x300.jpg 216w, https://www.pictobello.ch/edition-2021/wp-content/uploads/sites/23/2021/05/PictoBello_plan_2021-768x1068.jpg 768w, https://www.pictobello.ch/edition-2021/wp-content/uploads/sites/23/2021/05/PictoBello_plan_2021-1104x1536.jpg 1104w, https://www.pictobello.ch/edition-2021/wp-content/uploads/sites/23/2021/05/PictoBello_plan_2021-1473x2048.jpg 1473w, https://www.pictobello.ch/edition-2021/wp-content/uploads/sites/23/2021/05/PictoBello_plan_2021-260x362.jpg 260w, https://www.pictobello.ch/edition-2021/wp-content/uploads/sites/23/2021/05/PictoBello_plan_2021-575x800.jpg 575w, https://www.pictobello.ch/edition-2021/wp-content/uploads/sites/23/2021/05/PictoBello_plan_2021-640x890.jpg 640w, https://www.pictobello.ch/edition-2021/wp-content/uploads/sites/23/2021/05/PictoBello_plan_2021-scaled.jpg 1841w" sizes="auto, (max-width: 736px) 100vw, 736px" /></a></p>

<p>PictoBello, c&rsquo;est ce samedi 19 juin 2021, de 10h à 18h, avec en invité·e·s d&rsquo;honneur Edmond Baudoin (FR) et Maurane Mazars (FR)! Pour la 17e édition, PictoBello s’immisce dans les rues de Vevey pour offrir au public et aux passant·e·s une bande-dessinée géante ! Chaque année les artistes s’inspirent librement du thème qui leur est [&hellip;]</p>

<!-- This site is optimized with the Yoast SEO plugin v27.5 - https://yoast.com/product/yoast-seo-wordpress/ -->
<title>pratique - 2021</title>
<meta name="robots" content="index, follow, max-snippet:-1, max-image-preview:large, max-video-preview:-1" />
<link rel="canonical" href="https://www.pictobello.ch/edition-2021/pratique/" />
<meta property="og:locale" content="fr_FR" />
<meta property="og:type" content="article" />
<meta property="og:title" content="pratique - 2021" />
<meta property="og:description" content="PictoBello, c&rsquo;est ce samedi 19 juin 2021, de 10h à 18h, avec en invité·e·s d&rsquo;honneur Edmond Baudoin (FR) et Maurane Mazars (FR)! Pour la 17e édition, PictoBello s’immisce dans les rues de Vevey pour offrir au public et aux passant·e·s une bande-dessinée géante ! Chaque année les artistes s’inspirent librement du thème qui leur est [&hellip;]" />
<meta property="og:url" content="https://www.pictobello.ch/edition-2021/pratique/" />
<meta property="og:site_name" content="2021" />
<meta property="article:modified_time" content="2022-04-12T12:04:39+00:00" />
<meta property="og:image" content="https://www.pictobello.ch/edition-2021/wp-content/uploads/sites/23/2021/05/PictoBello_plan_2021-736x1024.jpg" />
<meta name="twitter:card" content="summary_large_image" />
<meta name="twitter:label1" content="Durée de lecture estimée" />
	<meta name="twitter:data1" content="2 minutes" />
<script type="application/ld+json" class="yoast-schema-graph">{"@context":"https:\/\/schema.org","@graph":[{"@type":"WebPage","@id":"https:\/\/www.pictobello.ch\/edition-2021\/pratique\/","url":"https:\/\/www.pictobello.ch\/edition-2021\/pratique\/","name":"pratique - 2021","isPartOf":{"@id":"https:\/\/www.pictobello.ch\/edition-2021\/#website"},"primaryImageOfPage":{"@id":"https:\/\/www.pictobello.ch\/edition-2021\/pratique\/#primaryimage"},"image":{"@id":"https:\/\/www.pictobello.ch\/edition-2021\/pratique\/#primaryimage"},"thumbnailUrl":"https:\/\/www.pictobello.ch\/edition-2021\/wp-content\/uploads\/sites\/23\/2021\/05\/PictoBello_plan_2021-736x1024.jpg","datePublished":"2021-05-27T06:24:38+00:00","dateModified":"2022-04-12T12:04:39+00:00","breadcrumb":{"@id":"https:\/\/www.pictobello.ch\/edition-2021\/pratique\/#breadcrumb"},"inLanguage":"fr-FR","potentialAction":[{"@type":"ReadAction","target":["https:\/\/www.pictobello.ch\/edition-2021\/pratique\/"]}]},{"@type":"ImageObject","inLanguage":"fr-FR","@id":"https:\/\/www.pictobello.ch\/edition-2021\/pratique\/#primaryimage","url":"https:\/\/www.pictobello.ch\/edition-2021\/wp-content\/uploads\/sites\/23\/2021\/05\/PictoBello_plan_2021-scaled.jpg","contentUrl":"https:\/\/www.pictobello.ch\/edition-2021\/wp-content\/uploads\/sites\/23\/2021\/05\/PictoBello_plan_2021-scaled.jpg","width":1841,"height":2560},{"@type":"BreadcrumbList","@id":"https:\/\/www.pictobello.ch\/edition-2021\/pratique\/#breadcrumb","itemListElement":[{"@type":"ListItem","position":1,"name":"Accueil","item":"https:\/\/www.pictobello.ch\/edition-2021\/"},{"@type":"ListItem","position":2,"name":"pratique"}]},{"@type":"WebSite","@id":"https:\/\/www.pictobello.ch\/edition-2021\/#website","url":"https:\/\/www.pictobello.ch\/edition-2021\/","name":"2021","description":"Un site utilisant Réseau PictoBello","potentialAction":[{"@type":"SearchAction","target":{"@type":"EntryPoint","urlTemplate":"https:\/\/www.pictobello.ch\/edition-2021\/?s={search_term_string}"},"query-input":{"@type":"PropertyValueSpecification","valueRequired":true,"valueName":"search_term_string"}}],"inLanguage":"fr-FR"}]}</script>
<!-- / Yoast SEO plugin. -->

PictoBello, c&rsquo;est ce samedi 19 juin 2021, de 10h à 18h, avec en invité·e·s d&rsquo;honneur Edmond Baudoin (FR) et Maurane Mazars (FR)! Pour la 17e édition, PictoBello s’immisce dans les rues de Vevey pour offrir au public et aux passant·e·s une bande-dessinée géante ! Chaque année les artistes s’inspirent librement du thème qui leur est [&hellip;]

Un site utilisant Réseau PictoBello
