{"id":193,"date":"2024-05-07T11:34:05","date_gmt":"2024-05-07T09:34:05","guid":{"rendered":"https:\/\/www.pictobello.ch\/edition-2024\/?page_id=193"},"modified":"2024-05-29T16:01:22","modified_gmt":"2024-05-29T14:01:22","slug":"retrospective-non-exhaustive","status":"publish","type":"page","link":"https:\/\/www.pictobello.ch\/edition-2024\/retrospective-non-exhaustive\/","title":{"rendered":"r\u00e9trospective non-exhaustive"},"content":{"rendered":"<p>Pour son 20<sup>e<\/sup> anniversaire, PictoBello s&rsquo;offre un retour dans ses souvenirs qui fait la part belle \u00e0 sa communaut\u00e9 d&rsquo;artistes et aux lieux embl\u00e9matiques de Vevey. Le festival propose ainsi une r\u00e9trospective non-exhaustive, une exposition tous formats dans l&rsquo;espace public, r\u00e9alis\u00e9e par 10 artistes r\u00e9-invit\u00e9\u00b7e\u00b7x\u00b7s pour l&rsquo;occasion.<\/p>\n<p>Cette r\u00e9trospective non-exhaustive sera vernie le<strong> jeudi 6 juin \u00e0 18h30<\/strong> sous la Grenette, et restera visible jusqu&rsquo;\u00e0 la fin de l&rsquo;\u00e9dition 2024, le 7 juillet 2024<\/p>\n<p>&nbsp;<\/p>\n<p><strong><u>Exposition sur drapeaux sous la Grenette<\/u><\/strong><\/p>\n<p><a href=\"http:\/\/www.pictobello.ch\/edition-2024\/wp-content\/uploads\/sites\/27\/2024\/05\/Grenette.png\"><img loading=\"lazy\" decoding=\"async\" class=\"wp-image-211 size-thumbnail alignright\" src=\"http:\/\/www.pictobello.ch\/edition-2024\/wp-content\/uploads\/sites\/27\/2024\/05\/Grenette-150x150.png\" alt=\"\" width=\"150\" height=\"150\" \/><\/a>5 artistes vous proposent des visuels sur drapeaux<\/p>\n<p><a href=\"https:\/\/www.pictobello.ch\/edition-2024\/dessinateur\/pbxx-adrien-chevalley\/\" target=\"_blank\" rel=\"noopener\">Adrien Chevalley<\/a> (CH)<br \/>\n<a href=\"https:\/\/www.pictobello.ch\/edition-2024\/dessinateur\/pbxx-charlotte-stuby\/\" target=\"_blank\" rel=\"noopener\">Charlotte Stuby<\/a> (BE\/CH)<br \/>\n<a href=\"https:\/\/www.pictobello.ch\/edition-2024\/dessinateur\/pbxx-anais-siere\/\" target=\"_blank\" rel=\"noopener\">Ana\u00efs Si\u00e8re<\/a> (FR\/CH)<br \/>\n<a href=\"https:\/\/www.pictobello.ch\/edition-2024\/dessinateur\/pbxx-aladin-commend-thomas-sauser\/\" target=\"_blank\" rel=\"noopener\">Aladin Commend<\/a> (CH) &amp; <a href=\"https:\/\/www.pictobello.ch\/edition-2024\/dessinateur\/pbxx-aladin-commend-thomas-sauser\/\" target=\"_blank\" rel=\"noopener\">Thomas Sauser<\/a> (CH)<br \/>\n<a href=\"https:\/\/www.pictobello.ch\/edition-2024\/dessinateur\/pbxx-nana\/\" target=\"_blank\" rel=\"noopener\">NANA<\/a> (CH\/FI)<\/p>\n<p><strong><u>Stickers en vitrines<\/u><\/strong><\/p>\n<p><a href=\"https:\/\/www.pictobello.ch\/edition-2024\/dessinateur\/pbxx-thomas-koenig\/\" target=\"_blank\" rel=\"noopener\">Thomas Koenig<\/a> (CH\/FR) <span class=\"emoji emoji-large\">\u21d2 vitrine de la<\/span> <a href=\"https:\/\/maps.app.goo.gl\/jRpVt55iK33oFBXv7\" target=\"_blank\" rel=\"noopener\">Boucherie Ruchet<\/a><br \/>\n<a href=\"https:\/\/www.pictobello.ch\/edition-2024\/dessinateur\/pbxx-fichtre\/\" target=\"_blank\" rel=\"noopener\">Fichtre<\/a> (CH) <span class=\"emoji emoji-large\">\u21d2 vitrine du<\/span> <a href=\"https:\/\/maps.app.goo.gl\/CfKRmoBfbhD47FvT6\" target=\"_blank\" rel=\"noopener\">Caf\u00e9 litt\u00e9raire<\/a><br \/>\n<a href=\"https:\/\/www.pictobello.ch\/edition-2024\/dessinateur\/pbxx-anaelle-clot\/\" target=\"_blank\" rel=\"noopener\">Ana\u00eblle Clot<\/a> (CH) <span class=\"emoji emoji-large\">\u21d2 vitrine de la <a href=\"https:\/\/maps.app.goo.gl\/nHLAV1ELeJTqYB5L8\" target=\"_blank\" rel=\"noopener\">Boulangerie Jotterand<\/a><\/span><br \/>\n<a href=\"https:\/\/www.pictobello.ch\/edition-2024\/dessinateur\/pbxx-genet-mayor\/\" target=\"_blank\" rel=\"noopener\">Gen\u00eat Mayor<\/a> (CH) <span class=\"emoji emoji-large\">\u21d2 vitrine du <a href=\"https:\/\/maps.app.goo.gl\/c3yrz9Mcs6T8RSZx9\" target=\"_blank\" rel=\"noopener\">Kizuku Caf\u00e9<\/a><\/span><br \/>\n<a href=\"https:\/\/www.pictobello.ch\/edition-2024\/dessinateur\/pbxx-tami-hopf\/\" target=\"_blank\" rel=\"noopener\">Tami Hopf<\/a> (CH\/BR) <span class=\"emoji emoji-large\">\u21d2<\/span> vitrine de la librairie <a href=\"https:\/\/maps.app.goo.gl\/LXUZmdp3NfovAgMp8\" target=\"_blank\" rel=\"noopener\">Payot<\/a><\/p>\n<p><strong><u>Carnets M\u00e9mento<\/u><\/strong><\/p>\n<p><a href=\"http:\/\/www.pictobello.ch\/edition-2024\/wp-content\/uploads\/sites\/27\/2024\/05\/Atelier-20.png\"><img loading=\"lazy\" decoding=\"async\" class=\"wp-image-212 size-thumbnail alignright\" src=\"http:\/\/www.pictobello.ch\/edition-2024\/wp-content\/uploads\/sites\/27\/2024\/05\/Atelier-20-150x150.png\" alt=\"\" width=\"150\" height=\"150\" \/><\/a>Lors de la toute premi\u00e8re \u00e9dition de PictoBello, en 2004, c&rsquo;est l\u2019artiste veveysan <a href=\"https:\/\/www.pictobello.ch\/edition-2024\/dessinateur\/krum\/\" target=\"_blank\" rel=\"noopener\">Krum<\/a> qui \u00e9tait invit\u00e9 comme unique dessinateur \u00e0 s\u2019exprimer sur des grands formats en plein air. Dans le cadre de son XX<sup>e<\/sup> anniversaire, PictoBello r\u00e9invite Krum \u00e0 venir dessiner lors de sa journ\u00e9e de dessins, et inaugure un projet de carnets de dessin en collaboration avec <a href=\"https:\/\/www.atelier20.info\/\" target=\"_blank\" rel=\"noopener\">Atelier 20<\/a> : les carnets<strong> M\u00e9mento<\/strong>. Partenaire historique de la manifestation depuis ses d\u00e9buts, l\u2019atelier de reliure veveysan a con\u00e7u et confi\u00e9 un carnet au dessinateur en 2023, dans lequel l&rsquo;artiste a dessin\u00e9 ses croquis, projets et id\u00e9es durant une ann\u00e9e. Ce projet de carnet de souvenir sera r\u00e9it\u00e9r\u00e9 chaque ann\u00e9e, avec un\u00b7e\u00b7x artiste de l&rsquo;\u00e9dition \u00e0 venir.<\/p>\n<p>Ces carnets seront pr\u00e9sent\u00e9s lors de l&rsquo;ouverture de PictoBello <strong>le 6 juin sous la Grenette<\/strong>, ainsi que pendant l\u2019<a href=\"https:\/\/www.pictobello.ch\/edition-2024\/evenements-paralleles\/\" target=\"_blank\" rel=\"noopener\">exposition \u00e9ph\u00e9m\u00e8re de Krum<\/a> <strong>\u00e0 l\u2019Atelier 20, les samedis 15 et 22 juin.<\/strong><\/p>\n<p><strong><u>PictoBiblio<\/u><\/strong><\/p>\n<p>En partenariat avec la <a href=\"https:\/\/biblio.vevey.ch\/\" target=\"_blank\" rel=\"noopener\">Biblioth\u00e8que municipale de Vevey<\/a>, PictoBello a mis \u00e0 disposition du public des cartes postales vierges destin\u00e9es \u00e0 \u00eatre remplies librement par les utilisateurices. L&rsquo;\u00e9quipe de la biblioth\u00e8que placera ensuite les cartes dans des objets de pr\u00eat (livres, DVDs, etc.), \u00e0 destination d&rsquo;inconnu\u00b7e\u00b7x\u00b7s, tels des objets oubli\u00e9s ou de petites attentions partag\u00e9es.<\/p>\n<p>Les cartes seront \u00e0 d\u00e9couvrir lors de l&rsquo;ouverture de PictoBello <strong>le 6 juin sous la Grenette<\/strong>.<\/p>\n","protected":false},"excerpt":{"rendered":"<p>Pour son 20e anniversaire, PictoBello s&rsquo;offre un retour dans ses souvenirs qui fait la part belle \u00e0 sa communaut\u00e9 d&rsquo;artistes et aux lieux embl\u00e9matiques de Vevey. Le festival propose ainsi une r\u00e9trospective non-exhaustive, une exposition tous formats dans l&rsquo;espace public, r\u00e9alis\u00e9e par 10 artistes r\u00e9-invit\u00e9\u00b7e\u00b7x\u00b7s pour l&rsquo;occasion. Cette r\u00e9trospective non-exhaustive sera vernie le jeudi 6 [&hellip;]<\/p>\n","protected":false},"author":3,"featured_media":0,"parent":0,"menu_order":2,"comment_status":"closed","ping_status":"closed","template":"","meta":{"_acf_changed":false,"_exactmetrics_skip_tracking":false,"_exactmetrics_sitenote_active":false,"_exactmetrics_sitenote_note":"","_exactmetrics_sitenote_category":0,"footnotes":""},"class_list":["post-193","page","type-page","status-publish","hentry"],"acf":[],"yoast_head":"<!-- This site is optimized with the Yoast SEO plugin v27.5 - https:\/\/yoast.com\/product\/yoast-seo-wordpress\/ -->\n<title>r\u00e9trospective non-exhaustive - 2024<\/title>\n<meta name=\"robots\" content=\"index, follow, max-snippet:-1, max-image-preview:large, max-video-preview:-1\" \/>\n<link rel=\"canonical\" href=\"https:\/\/www.pictobello.ch\/edition-2024\/retrospective-non-exhaustive\/\" \/>\n<meta property=\"og:locale\" content=\"fr_FR\" \/>\n<meta property=\"og:type\" content=\"article\" \/>\n<meta property=\"og:title\" content=\"r\u00e9trospective non-exhaustive - 2024\" \/>\n<meta property=\"og:description\" content=\"Pour son 20e anniversaire, PictoBello s&rsquo;offre un retour dans ses souvenirs qui fait la part belle \u00e0 sa communaut\u00e9 d&rsquo;artistes et aux lieux embl\u00e9matiques de Vevey. Le festival propose ainsi une r\u00e9trospective non-exhaustive, une exposition tous formats dans l&rsquo;espace public, r\u00e9alis\u00e9e par 10 artistes r\u00e9-invit\u00e9\u00b7e\u00b7x\u00b7s pour l&rsquo;occasion. Cette r\u00e9trospective non-exhaustive sera vernie le jeudi 6 [&hellip;]\" \/>\n<meta property=\"og:url\" content=\"https:\/\/www.pictobello.ch\/edition-2024\/retrospective-non-exhaustive\/\" \/>\n<meta property=\"og:site_name\" content=\"2024\" \/>\n<meta property=\"article:modified_time\" content=\"2024-05-29T14:01:22+00:00\" \/>\n<meta property=\"og:image\" content=\"http:\/\/www.pictobello.ch\/edition-2024\/wp-content\/uploads\/sites\/27\/2024\/05\/Grenette-150x150.png\" \/>\n<meta name=\"twitter:card\" content=\"summary_large_image\" \/>\n<meta name=\"twitter:label1\" content=\"Dur\u00e9e de lecture estim\u00e9e\" \/>\n\t<meta name=\"twitter:data1\" content=\"3 minutes\" \/>\n<script type=\"application\/ld+json\" class=\"yoast-schema-graph\">{\"@context\":\"https:\\\/\\\/schema.org\",\"@graph\":[{\"@type\":\"WebPage\",\"@id\":\"https:\\\/\\\/www.pictobello.ch\\\/edition-2024\\\/retrospective-non-exhaustive\\\/\",\"url\":\"https:\\\/\\\/www.pictobello.ch\\\/edition-2024\\\/retrospective-non-exhaustive\\\/\",\"name\":\"r\u00e9trospective non-exhaustive - 2024\",\"isPartOf\":{\"@id\":\"https:\\\/\\\/www.pictobello.ch\\\/edition-2024\\\/#website\"},\"primaryImageOfPage\":{\"@id\":\"https:\\\/\\\/www.pictobello.ch\\\/edition-2024\\\/retrospective-non-exhaustive\\\/#primaryimage\"},\"image\":{\"@id\":\"https:\\\/\\\/www.pictobello.ch\\\/edition-2024\\\/retrospective-non-exhaustive\\\/#primaryimage\"},\"thumbnailUrl\":\"http:\\\/\\\/www.pictobello.ch\\\/edition-2024\\\/wp-content\\\/uploads\\\/sites\\\/27\\\/2024\\\/05\\\/Grenette-150x150.png\",\"datePublished\":\"2024-05-07T09:34:05+00:00\",\"dateModified\":\"2024-05-29T14:01:22+00:00\",\"breadcrumb\":{\"@id\":\"https:\\\/\\\/www.pictobello.ch\\\/edition-2024\\\/retrospective-non-exhaustive\\\/#breadcrumb\"},\"inLanguage\":\"fr-FR\",\"potentialAction\":[{\"@type\":\"ReadAction\",\"target\":[\"https:\\\/\\\/www.pictobello.ch\\\/edition-2024\\\/retrospective-non-exhaustive\\\/\"]}]},{\"@type\":\"ImageObject\",\"inLanguage\":\"fr-FR\",\"@id\":\"https:\\\/\\\/www.pictobello.ch\\\/edition-2024\\\/retrospective-non-exhaustive\\\/#primaryimage\",\"url\":\"https:\\\/\\\/www.pictobello.ch\\\/edition-2024\\\/wp-content\\\/uploads\\\/sites\\\/27\\\/2024\\\/05\\\/Grenette.png\",\"contentUrl\":\"https:\\\/\\\/www.pictobello.ch\\\/edition-2024\\\/wp-content\\\/uploads\\\/sites\\\/27\\\/2024\\\/05\\\/Grenette.png\",\"width\":800,\"height\":600},{\"@type\":\"BreadcrumbList\",\"@id\":\"https:\\\/\\\/www.pictobello.ch\\\/edition-2024\\\/retrospective-non-exhaustive\\\/#breadcrumb\",\"itemListElement\":[{\"@type\":\"ListItem\",\"position\":1,\"name\":\"Accueil\",\"item\":\"https:\\\/\\\/www.pictobello.ch\\\/edition-2024\\\/\"},{\"@type\":\"ListItem\",\"position\":2,\"name\":\"r\u00e9trospective non-exhaustive\"}]},{\"@type\":\"WebSite\",\"@id\":\"https:\\\/\\\/www.pictobello.ch\\\/edition-2024\\\/#website\",\"url\":\"https:\\\/\\\/www.pictobello.ch\\\/edition-2024\\\/\",\"name\":\"2024\",\"description\":\"\",\"potentialAction\":[{\"@type\":\"SearchAction\",\"target\":{\"@type\":\"EntryPoint\",\"urlTemplate\":\"https:\\\/\\\/www.pictobello.ch\\\/edition-2024\\\/?s={search_term_string}\"},\"query-input\":{\"@type\":\"PropertyValueSpecification\",\"valueRequired\":true,\"valueName\":\"search_term_string\"}}],\"inLanguage\":\"fr-FR\"}]}<\/script>\n<!-- \/ Yoast SEO plugin. -->","yoast_head_json":{"title":"r\u00e9trospective non-exhaustive - 2024","robots":{"index":"index","follow":"follow","max-snippet":"max-snippet:-1","max-image-preview":"max-image-preview:large","max-video-preview":"max-video-preview:-1"},"canonical":"https:\/\/www.pictobello.ch\/edition-2024\/retrospective-non-exhaustive\/","og_locale":"fr_FR","og_type":"article","og_title":"r\u00e9trospective non-exhaustive - 2024","og_description":"Pour son 20e anniversaire, PictoBello s&rsquo;offre un retour dans ses souvenirs qui fait la part belle \u00e0 sa communaut\u00e9 d&rsquo;artistes et aux lieux embl\u00e9matiques de Vevey. Le festival propose ainsi une r\u00e9trospective non-exhaustive, une exposition tous formats dans l&rsquo;espace public, r\u00e9alis\u00e9e par 10 artistes r\u00e9-invit\u00e9\u00b7e\u00b7x\u00b7s pour l&rsquo;occasion. Cette r\u00e9trospective non-exhaustive sera vernie le jeudi 6 [&hellip;]","og_url":"https:\/\/www.pictobello.ch\/edition-2024\/retrospective-non-exhaustive\/","og_site_name":"2024","article_modified_time":"2024-05-29T14:01:22+00:00","og_image":[{"url":"http:\/\/www.pictobello.ch\/edition-2024\/wp-content\/uploads\/sites\/27\/2024\/05\/Grenette-150x150.png","type":"","width":"","height":""}],"twitter_card":"summary_large_image","twitter_misc":{"Dur\u00e9e de lecture estim\u00e9e":"3 minutes"},"schema":{"@context":"https:\/\/schema.org","@graph":[{"@type":"WebPage","@id":"https:\/\/www.pictobello.ch\/edition-2024\/retrospective-non-exhaustive\/","url":"https:\/\/www.pictobello.ch\/edition-2024\/retrospective-non-exhaustive\/","name":"r\u00e9trospective non-exhaustive - 2024","isPartOf":{"@id":"https:\/\/www.pictobello.ch\/edition-2024\/#website"},"primaryImageOfPage":{"@id":"https:\/\/www.pictobello.ch\/edition-2024\/retrospective-non-exhaustive\/#primaryimage"},"image":{"@id":"https:\/\/www.pictobello.ch\/edition-2024\/retrospective-non-exhaustive\/#primaryimage"},"thumbnailUrl":"http:\/\/www.pictobello.ch\/edition-2024\/wp-content\/uploads\/sites\/27\/2024\/05\/Grenette-150x150.png","datePublished":"2024-05-07T09:34:05+00:00","dateModified":"2024-05-29T14:01:22+00:00","breadcrumb":{"@id":"https:\/\/www.pictobello.ch\/edition-2024\/retrospective-non-exhaustive\/#breadcrumb"},"inLanguage":"fr-FR","potentialAction":[{"@type":"ReadAction","target":["https:\/\/www.pictobello.ch\/edition-2024\/retrospective-non-exhaustive\/"]}]},{"@type":"ImageObject","inLanguage":"fr-FR","@id":"https:\/\/www.pictobello.ch\/edition-2024\/retrospective-non-exhaustive\/#primaryimage","url":"https:\/\/www.pictobello.ch\/edition-2024\/wp-content\/uploads\/sites\/27\/2024\/05\/Grenette.png","contentUrl":"https:\/\/www.pictobello.ch\/edition-2024\/wp-content\/uploads\/sites\/27\/2024\/05\/Grenette.png","width":800,"height":600},{"@type":"BreadcrumbList","@id":"https:\/\/www.pictobello.ch\/edition-2024\/retrospective-non-exhaustive\/#breadcrumb","itemListElement":[{"@type":"ListItem","position":1,"name":"Accueil","item":"https:\/\/www.pictobello.ch\/edition-2024\/"},{"@type":"ListItem","position":2,"name":"r\u00e9trospective non-exhaustive"}]},{"@type":"WebSite","@id":"https:\/\/www.pictobello.ch\/edition-2024\/#website","url":"https:\/\/www.pictobello.ch\/edition-2024\/","name":"2024","description":"","potentialAction":[{"@type":"SearchAction","target":{"@type":"EntryPoint","urlTemplate":"https:\/\/www.pictobello.ch\/edition-2024\/?s={search_term_string}"},"query-input":{"@type":"PropertyValueSpecification","valueRequired":true,"valueName":"search_term_string"}}],"inLanguage":"fr-FR"}]}},"_links":{"self":[{"href":"https:\/\/www.pictobello.ch\/edition-2024\/wp-json\/wp\/v2\/pages\/193","targetHints":{"allow":["GET"]}}],"collection":[{"href":"https:\/\/www.pictobello.ch\/edition-2024\/wp-json\/wp\/v2\/pages"}],"about":[{"href":"https:\/\/www.pictobello.ch\/edition-2024\/wp-json\/wp\/v2\/types\/page"}],"author":[{"embeddable":true,"href":"https:\/\/www.pictobello.ch\/edition-2024\/wp-json\/wp\/v2\/users\/3"}],"replies":[{"embeddable":true,"href":"https:\/\/www.pictobello.ch\/edition-2024\/wp-json\/wp\/v2\/comments?post=193"}],"version-history":[{"count":25,"href":"https:\/\/www.pictobello.ch\/edition-2024\/wp-json\/wp\/v2\/pages\/193\/revisions"}],"predecessor-version":[{"id":308,"href":"https:\/\/www.pictobello.ch\/edition-2024\/wp-json\/wp\/v2\/pages\/193\/revisions\/308"}],"wp:attachment":[{"href":"https:\/\/www.pictobello.ch\/edition-2024\/wp-json\/wp\/v2\/media?parent=193"}],"curies":[{"name":"wp","href":"https:\/\/api.w.org\/{rel}","templated":true}]}}