{"id":14,"date":"2025-03-06T11:22:53","date_gmt":"2025-03-06T10:22:53","guid":{"rendered":"https:\/\/www.pictobello.ch\/edition-2025\/presse\/"},"modified":"2025-06-06T11:05:50","modified_gmt":"2025-06-06T09:05:50","slug":"presse","status":"publish","type":"page","link":"https:\/\/www.pictobello.ch\/edition-2025\/presse\/","title":{"rendered":"presse"},"content":{"rendered":"<ul>\n<li><a href=\"http:\/\/www.pictobello.ch\/edition-2025\/wp-content\/uploads\/sites\/29\/2025\/05\/PB25_Dossier-Presse.pdf\" target=\"_blank\" rel=\"noopener\">T\u00e9l\u00e9charger le Dossier de presse 2025<\/a><\/li>\n<li><a href=\"https:\/\/www.dropbox.com\/scl\/fo\/mor82ie7i55zol910vb5i\/ABWYlZ2rqbl-b2jyHqf4_kY?rlkey=peylfio2iqbbzb8xp9bdf69pk&amp;st=t71iednr&amp;dl=0\" target=\"_blank\" rel=\"noopener\">Acc\u00e9der \u00e0 la Dropbox de photos<\/a><\/li>\n<\/ul>\n<p>Nous sommes \u00e0 votre disposition pour toute question, demande d&rsquo;interview ou besoins multim\u00e9dia \u00e0 l&rsquo;adresse : <a href=\"javascript:DeCryptX('3f3r0m2o2w3q0i2e3d3w3l3r0n0@2r0i3f0t3r1c0e0l1m3r203f0h')\" target=\"_blank\" rel=\"noopener\">communication [at] pictobello [dot] ch<\/a><\/p>\n<h2>Revue de presse<\/h2>\n<ul>\n<li>RTS Culture, <em>Coulisses<\/em>, 05.06.25 : <a href=\"https:\/\/www.rts.ch\/play\/tv\/coulisses\/video\/pictobello-le-dessin-a-lhonneur?urn=urn:rts:video:3eb6ff7d-506d-3e50-b6d6-316752c1b542\" target=\"_blank\" rel=\"noopener\">PictoBello, le dessin \u00e0 l&rsquo;honneur<\/a><\/li>\n<li>Radio Chablais, radio, 25.05.25 : <a href=\"https:\/\/radiochablais.ch\/infos\/riviera\/100463-exposition-pictobello-vevey-se-pare-de-tableaux-monumentaux-et-ephemeres\" target=\"_blank\" rel=\"noopener\">Exposition PictoBello : Vevey se pare de tableaux monumentaux et \u00e9ph\u00e9m\u00e8res<\/a><\/li>\n<li>Riviera Chablais, 21.05.25 : <a href=\"http:\/\/www.pictobello.ch\/edition-2025\/wp-content\/uploads\/sites\/29\/2025\/06\/20250521-RIVIERA_RVA_016.pdf\" target=\"_blank\" rel=\"noopener\">PictoBello investit une nouvelle toile urbaine<\/a><\/li>\n<li>La T\u00e9l\u00e9, <em>On sort (Agenda culturel)<\/em>, 20.05.25 : <a href=\"https:\/\/latele.ch\/emissions\/on-sort-vd\/on-sort-vd-s-2025-e-9?s=7\" target=\"_blank\" rel=\"noopener\">PictoBello \u00e0 Vevey<\/a><\/li>\n<li>LFM, online, 18.05.25 : <a href=\"https:\/\/www.lfm.ch\/actualite\/culture\/le-festival-pictobello-dessine-sa-21e-edition-samedi-prochain\/\" target=\"_blank\" rel=\"noopener\">Le festival PictoBello dessine sa 21<sup>e<\/sup> \u00e9dition samedi prochain<\/a><\/li>\n<\/ul>\n","protected":false},"excerpt":{"rendered":"<p>T\u00e9l\u00e9charger le Dossier de presse 2025 Acc\u00e9der \u00e0 la Dropbox de photos Nous sommes \u00e0 votre disposition pour toute question, demande d&rsquo;interview ou besoins multim\u00e9dia \u00e0 l&rsquo;adresse : communication [at] pictobello [dot] ch Revue de presse RTS Culture, Coulisses, 05.06.25 : PictoBello, le dessin \u00e0 l&rsquo;honneur Radio Chablais, radio, 25.05.25 : Exposition PictoBello : Vevey [&hellip;]<\/p>\n","protected":false},"author":1,"featured_media":0,"parent":0,"menu_order":9,"comment_status":"closed","ping_status":"closed","template":"","meta":{"_acf_changed":false,"_exactmetrics_skip_tracking":false,"_exactmetrics_sitenote_active":false,"_exactmetrics_sitenote_note":"","_exactmetrics_sitenote_category":0,"footnotes":""},"class_list":["post-14","page","type-page","status-publish","hentry"],"acf":[],"yoast_head":"<!-- This site is optimized with the Yoast SEO plugin v27.5 - https:\/\/yoast.com\/product\/yoast-seo-wordpress\/ -->\n<title>presse - 2025<\/title>\n<meta name=\"robots\" content=\"index, follow, max-snippet:-1, max-image-preview:large, max-video-preview:-1\" \/>\n<link rel=\"canonical\" href=\"https:\/\/www.pictobello.ch\/edition-2025\/presse\/\" \/>\n<meta property=\"og:locale\" content=\"fr_FR\" \/>\n<meta property=\"og:type\" content=\"article\" \/>\n<meta property=\"og:title\" content=\"presse - 2025\" \/>\n<meta property=\"og:description\" content=\"T\u00e9l\u00e9charger le Dossier de presse 2025 Acc\u00e9der \u00e0 la Dropbox de photos Nous sommes \u00e0 votre disposition pour toute question, demande d&rsquo;interview ou besoins multim\u00e9dia \u00e0 l&rsquo;adresse : communication [at] pictobello [dot] ch Revue de presse RTS Culture, Coulisses, 05.06.25 : PictoBello, le dessin \u00e0 l&rsquo;honneur Radio Chablais, radio, 25.05.25 : Exposition PictoBello : Vevey [&hellip;]\" \/>\n<meta property=\"og:url\" content=\"https:\/\/www.pictobello.ch\/edition-2025\/presse\/\" \/>\n<meta property=\"og:site_name\" content=\"2025\" \/>\n<meta property=\"article:modified_time\" content=\"2025-06-06T09:05:50+00:00\" \/>\n<meta name=\"twitter:card\" content=\"summary_large_image\" \/>\n<meta name=\"twitter:label1\" content=\"Dur\u00e9e de lecture estim\u00e9e\" \/>\n\t<meta name=\"twitter:data1\" content=\"1 minute\" \/>\n<script type=\"application\/ld+json\" class=\"yoast-schema-graph\">{\"@context\":\"https:\\\/\\\/schema.org\",\"@graph\":[{\"@type\":\"WebPage\",\"@id\":\"https:\\\/\\\/www.pictobello.ch\\\/edition-2025\\\/presse\\\/\",\"url\":\"https:\\\/\\\/www.pictobello.ch\\\/edition-2025\\\/presse\\\/\",\"name\":\"presse - 2025\",\"isPartOf\":{\"@id\":\"https:\\\/\\\/www.pictobello.ch\\\/edition-2025\\\/#website\"},\"datePublished\":\"2025-03-06T10:22:53+00:00\",\"dateModified\":\"2025-06-06T09:05:50+00:00\",\"breadcrumb\":{\"@id\":\"https:\\\/\\\/www.pictobello.ch\\\/edition-2025\\\/presse\\\/#breadcrumb\"},\"inLanguage\":\"fr-FR\",\"potentialAction\":[{\"@type\":\"ReadAction\",\"target\":[\"https:\\\/\\\/www.pictobello.ch\\\/edition-2025\\\/presse\\\/\"]}]},{\"@type\":\"BreadcrumbList\",\"@id\":\"https:\\\/\\\/www.pictobello.ch\\\/edition-2025\\\/presse\\\/#breadcrumb\",\"itemListElement\":[{\"@type\":\"ListItem\",\"position\":1,\"name\":\"Accueil\",\"item\":\"https:\\\/\\\/www.pictobello.ch\\\/edition-2025\\\/\"},{\"@type\":\"ListItem\",\"position\":2,\"name\":\"presse\"}]},{\"@type\":\"WebSite\",\"@id\":\"https:\\\/\\\/www.pictobello.ch\\\/edition-2025\\\/#website\",\"url\":\"https:\\\/\\\/www.pictobello.ch\\\/edition-2025\\\/\",\"name\":\"2025\",\"description\":\"\",\"potentialAction\":[{\"@type\":\"SearchAction\",\"target\":{\"@type\":\"EntryPoint\",\"urlTemplate\":\"https:\\\/\\\/www.pictobello.ch\\\/edition-2025\\\/?s={search_term_string}\"},\"query-input\":{\"@type\":\"PropertyValueSpecification\",\"valueRequired\":true,\"valueName\":\"search_term_string\"}}],\"inLanguage\":\"fr-FR\"}]}<\/script>\n<!-- \/ Yoast SEO plugin. -->","yoast_head_json":{"title":"presse - 2025","robots":{"index":"index","follow":"follow","max-snippet":"max-snippet:-1","max-image-preview":"max-image-preview:large","max-video-preview":"max-video-preview:-1"},"canonical":"https:\/\/www.pictobello.ch\/edition-2025\/presse\/","og_locale":"fr_FR","og_type":"article","og_title":"presse - 2025","og_description":"T\u00e9l\u00e9charger le Dossier de presse 2025 Acc\u00e9der \u00e0 la Dropbox de photos Nous sommes \u00e0 votre disposition pour toute question, demande d&rsquo;interview ou besoins multim\u00e9dia \u00e0 l&rsquo;adresse : communication [at] pictobello [dot] ch Revue de presse RTS Culture, Coulisses, 05.06.25 : PictoBello, le dessin \u00e0 l&rsquo;honneur Radio Chablais, radio, 25.05.25 : Exposition PictoBello : Vevey [&hellip;]","og_url":"https:\/\/www.pictobello.ch\/edition-2025\/presse\/","og_site_name":"2025","article_modified_time":"2025-06-06T09:05:50+00:00","twitter_card":"summary_large_image","twitter_misc":{"Dur\u00e9e de lecture estim\u00e9e":"1 minute"},"schema":{"@context":"https:\/\/schema.org","@graph":[{"@type":"WebPage","@id":"https:\/\/www.pictobello.ch\/edition-2025\/presse\/","url":"https:\/\/www.pictobello.ch\/edition-2025\/presse\/","name":"presse - 2025","isPartOf":{"@id":"https:\/\/www.pictobello.ch\/edition-2025\/#website"},"datePublished":"2025-03-06T10:22:53+00:00","dateModified":"2025-06-06T09:05:50+00:00","breadcrumb":{"@id":"https:\/\/www.pictobello.ch\/edition-2025\/presse\/#breadcrumb"},"inLanguage":"fr-FR","potentialAction":[{"@type":"ReadAction","target":["https:\/\/www.pictobello.ch\/edition-2025\/presse\/"]}]},{"@type":"BreadcrumbList","@id":"https:\/\/www.pictobello.ch\/edition-2025\/presse\/#breadcrumb","itemListElement":[{"@type":"ListItem","position":1,"name":"Accueil","item":"https:\/\/www.pictobello.ch\/edition-2025\/"},{"@type":"ListItem","position":2,"name":"presse"}]},{"@type":"WebSite","@id":"https:\/\/www.pictobello.ch\/edition-2025\/#website","url":"https:\/\/www.pictobello.ch\/edition-2025\/","name":"2025","description":"","potentialAction":[{"@type":"SearchAction","target":{"@type":"EntryPoint","urlTemplate":"https:\/\/www.pictobello.ch\/edition-2025\/?s={search_term_string}"},"query-input":{"@type":"PropertyValueSpecification","valueRequired":true,"valueName":"search_term_string"}}],"inLanguage":"fr-FR"}]}},"_links":{"self":[{"href":"https:\/\/www.pictobello.ch\/edition-2025\/wp-json\/wp\/v2\/pages\/14","targetHints":{"allow":["GET"]}}],"collection":[{"href":"https:\/\/www.pictobello.ch\/edition-2025\/wp-json\/wp\/v2\/pages"}],"about":[{"href":"https:\/\/www.pictobello.ch\/edition-2025\/wp-json\/wp\/v2\/types\/page"}],"author":[{"embeddable":true,"href":"https:\/\/www.pictobello.ch\/edition-2025\/wp-json\/wp\/v2\/users\/1"}],"replies":[{"embeddable":true,"href":"https:\/\/www.pictobello.ch\/edition-2025\/wp-json\/wp\/v2\/comments?post=14"}],"version-history":[{"count":5,"href":"https:\/\/www.pictobello.ch\/edition-2025\/wp-json\/wp\/v2\/pages\/14\/revisions"}],"predecessor-version":[{"id":244,"href":"https:\/\/www.pictobello.ch\/edition-2025\/wp-json\/wp\/v2\/pages\/14\/revisions\/244"}],"wp:attachment":[{"href":"https:\/\/www.pictobello.ch\/edition-2025\/wp-json\/wp\/v2\/media?parent=14"}],"curies":[{"name":"wp","href":"https:\/\/api.w.org\/{rel}","templated":true}]}}