{"id":6,"date":"2026-03-06T16:02:37","date_gmt":"2026-03-06T15:02:37","guid":{"rendered":"https:\/\/www.pictobello.ch\/edition-2026\/pratique\/"},"modified":"2026-04-28T15:46:07","modified_gmt":"2026-04-28T13:46:07","slug":"pratique","status":"publish","type":"page","link":"https:\/\/www.pictobello.ch\/edition-2026\/pratique\/","title":{"rendered":"pratique"},"content":{"rendered":"<p>PictoBello se d\u00e9roule <strong>le samedi 30 mai<\/strong> 2026 dans les rues de Vevey. L\u2019\u00e9v\u00e9nement est gratuit et ouvert \u00e0 touxtes ! Enfants bienvenus \u2665<\/p>\n<div class=\"content_70\">\n<h3>Journ\u00e9e de dessin &#8211; samedi 30 mai<\/h3>\n<ul>\n<li>10h \u00e0 18h : dessinateur\u00b7ice\u00b7x\u00b7s \u00e0 l\u2019\u0153uvre sur les panneaux dans les 5 lieux sur la carte (A-E)<\/li>\n<li>18h : lecture &amp; discussion avec l&rsquo;autrice C\u00e9line Cerny sous la Grenette<\/li>\n<li>18h30 : vernissage public en pr\u00e9sence des autorit\u00e9s veveysannes sous la Grenette<\/li>\n<\/ul>\n<\/div>\n<p>Les \u0153uvres g\u00e9antes restent ensuite expos\u00e9es jusqu\u2019au 14 juin dans ces m\u00eames lieux*<\/p>\n<p><em>*sauf celles r\u00e9alis\u00e9es \u00e0 la Grenette qui sont install\u00e9es le temps de l\u2019exposition au Quai Maria-Belgia (F)<\/em><\/p>\n<p><a href=\"http:\/\/www.pictobello.ch\/edition-2026\/wp-content\/uploads\/sites\/31\/2026\/04\/PLAN-26-scaled.jpg\"><img loading=\"lazy\" decoding=\"async\" class=\"aligncenter wp-image-148\" src=\"http:\/\/www.pictobello.ch\/edition-2026\/wp-content\/uploads\/sites\/31\/2026\/04\/PLAN-26-211x300.jpg\" alt=\"\" width=\"350\" height=\"497\" srcset=\"https:\/\/www.pictobello.ch\/edition-2026\/wp-content\/uploads\/sites\/31\/2026\/04\/PLAN-26-211x300.jpg 211w, https:\/\/www.pictobello.ch\/edition-2026\/wp-content\/uploads\/sites\/31\/2026\/04\/PLAN-26-721x1024.jpg 721w, https:\/\/www.pictobello.ch\/edition-2026\/wp-content\/uploads\/sites\/31\/2026\/04\/PLAN-26-768x1091.jpg 768w, https:\/\/www.pictobello.ch\/edition-2026\/wp-content\/uploads\/sites\/31\/2026\/04\/PLAN-26-1081x1536.jpg 1081w, https:\/\/www.pictobello.ch\/edition-2026\/wp-content\/uploads\/sites\/31\/2026\/04\/PLAN-26-1442x2048.jpg 1442w, https:\/\/www.pictobello.ch\/edition-2026\/wp-content\/uploads\/sites\/31\/2026\/04\/PLAN-26-260x369.jpg 260w, https:\/\/www.pictobello.ch\/edition-2026\/wp-content\/uploads\/sites\/31\/2026\/04\/PLAN-26-575x817.jpg 575w, https:\/\/www.pictobello.ch\/edition-2026\/wp-content\/uploads\/sites\/31\/2026\/04\/PLAN-26-640x909.jpg 640w, https:\/\/www.pictobello.ch\/edition-2026\/wp-content\/uploads\/sites\/31\/2026\/04\/PLAN-26-scaled.jpg 1802w\" sizes=\"auto, (max-width: 350px) 100vw, 350px\" \/><\/a><\/p>\n<h3>Sous la Grenette&#8230;<\/h3>\n<p>C\u0153ur battant des festivit\u00e9s, la Grenette accueille toute la journ\u00e9e :<\/p>\n<ul>\n<li><strong>Stand Payot<\/strong> : le temps d&rsquo;une journ\u00e9e, Payot devient une librairie \u00e0 ciel ouvert et propose une s\u00e9lection de bandes dessin\u00e9es et romans graphiques des artistes invit\u00e9\u00b7e\u00b7x\u00b7s, ainsi que des micro-\u00e9ditions. De quoi repartir avec des souvenirs pour toute la famille !<\/li>\n<li><strong>Stand s\u00e9rigraphie<\/strong> : Thierry et son poste de s\u00e9rigraphie sont de retour cette ann\u00e9e pour proposer, de 12h \u00e0 16h, une activit\u00e9 de s\u00e9rigraphie sur tissus en direct. Gratuit, ouvert \u00e0 touxtes<\/li>\n<li><strong>Point info<\/strong> : toute la journ\u00e9e, notre \u00e9quipe est disponible sous la Grenette pour r\u00e9pondre \u00e0 vos questions, vous conseiller ou papoter !<\/li>\n<li><strong>D\u00e8s 18h<\/strong>, artistes et public sont invit\u00e9s \u00e0 se r\u00e9unir sous la Grenette pour c\u00e9l\u00e9brer le travail r\u00e9alis\u00e9, en pr\u00e9sence des autorit\u00e9s, du staff, et de l&rsquo;autrice qui offrira d&rsquo;ailleurs une lecture habit\u00e9e de son conte. <a href=\"https:\/\/www.pictobello.ch\/edition-2026\/organisateur\/celine-cerny\/\" target=\"_blank\" rel=\"noopener\">D\u00e9couvrez l&rsquo;autrice<\/a><\/li>\n<\/ul>\n<p>&nbsp;<\/p>\n","protected":false},"excerpt":{"rendered":"<p>PictoBello se d\u00e9roule le samedi 30 mai 2026 dans les rues de Vevey. L\u2019\u00e9v\u00e9nement est gratuit et ouvert \u00e0 touxtes ! Enfants bienvenus \u2665 Journ\u00e9e de dessin &#8211; samedi 30 mai 10h \u00e0 18h : dessinateur\u00b7ice\u00b7x\u00b7s \u00e0 l\u2019\u0153uvre sur les panneaux dans les 5 lieux sur la carte (A-E) 18h : lecture &amp; discussion avec [&hellip;]<\/p>\n","protected":false},"author":1,"featured_media":0,"parent":0,"menu_order":4,"comment_status":"closed","ping_status":"closed","template":"","meta":{"_acf_changed":false,"_exactmetrics_skip_tracking":false,"_exactmetrics_sitenote_active":false,"_exactmetrics_sitenote_note":"","_exactmetrics_sitenote_category":0,"footnotes":""},"class_list":["post-6","page","type-page","status-publish","hentry"],"acf":[],"yoast_head":"<!-- This site is optimized with the Yoast SEO plugin v27.5 - https:\/\/yoast.com\/product\/yoast-seo-wordpress\/ -->\n<title>pratique - 2026<\/title>\n<meta name=\"robots\" content=\"index, follow, max-snippet:-1, max-image-preview:large, max-video-preview:-1\" \/>\n<link rel=\"canonical\" href=\"https:\/\/www.pictobello.ch\/edition-2026\/pratique\/\" \/>\n<meta property=\"og:locale\" content=\"fr_FR\" \/>\n<meta property=\"og:type\" content=\"article\" \/>\n<meta property=\"og:title\" content=\"pratique - 2026\" \/>\n<meta property=\"og:description\" content=\"PictoBello se d\u00e9roule le samedi 30 mai 2026 dans les rues de Vevey. L\u2019\u00e9v\u00e9nement est gratuit et ouvert \u00e0 touxtes ! Enfants bienvenus \u2665 Journ\u00e9e de dessin &#8211; samedi 30 mai 10h \u00e0 18h : dessinateur\u00b7ice\u00b7x\u00b7s \u00e0 l\u2019\u0153uvre sur les panneaux dans les 5 lieux sur la carte (A-E) 18h : lecture &amp; discussion avec [&hellip;]\" \/>\n<meta property=\"og:url\" content=\"https:\/\/www.pictobello.ch\/edition-2026\/pratique\/\" \/>\n<meta property=\"og:site_name\" content=\"2026\" \/>\n<meta property=\"article:modified_time\" content=\"2026-04-28T13:46:07+00:00\" \/>\n<meta property=\"og:image\" content=\"https:\/\/www.pictobello.ch\/edition-2026\/wp-content\/uploads\/sites\/31\/2026\/04\/PLAN-26-scaled.jpg\" \/>\n\t<meta property=\"og:image:width\" content=\"1802\" \/>\n\t<meta property=\"og:image:height\" content=\"2560\" \/>\n\t<meta property=\"og:image:type\" content=\"image\/jpeg\" \/>\n<meta name=\"twitter:card\" content=\"summary_large_image\" \/>\n<meta name=\"twitter:label1\" content=\"Dur\u00e9e de lecture estim\u00e9e\" \/>\n\t<meta name=\"twitter:data1\" content=\"2 minutes\" \/>\n<script type=\"application\/ld+json\" class=\"yoast-schema-graph\">{\"@context\":\"https:\\\/\\\/schema.org\",\"@graph\":[{\"@type\":\"WebPage\",\"@id\":\"https:\\\/\\\/www.pictobello.ch\\\/edition-2026\\\/pratique\\\/\",\"url\":\"https:\\\/\\\/www.pictobello.ch\\\/edition-2026\\\/pratique\\\/\",\"name\":\"pratique - 2026\",\"isPartOf\":{\"@id\":\"https:\\\/\\\/www.pictobello.ch\\\/edition-2026\\\/#website\"},\"primaryImageOfPage\":{\"@id\":\"https:\\\/\\\/www.pictobello.ch\\\/edition-2026\\\/pratique\\\/#primaryimage\"},\"image\":{\"@id\":\"https:\\\/\\\/www.pictobello.ch\\\/edition-2026\\\/pratique\\\/#primaryimage\"},\"thumbnailUrl\":\"http:\\\/\\\/www.pictobello.ch\\\/edition-2026\\\/wp-content\\\/uploads\\\/sites\\\/31\\\/2026\\\/04\\\/PLAN-26-211x300.jpg\",\"datePublished\":\"2026-03-06T15:02:37+00:00\",\"dateModified\":\"2026-04-28T13:46:07+00:00\",\"breadcrumb\":{\"@id\":\"https:\\\/\\\/www.pictobello.ch\\\/edition-2026\\\/pratique\\\/#breadcrumb\"},\"inLanguage\":\"fr-FR\",\"potentialAction\":[{\"@type\":\"ReadAction\",\"target\":[\"https:\\\/\\\/www.pictobello.ch\\\/edition-2026\\\/pratique\\\/\"]}]},{\"@type\":\"ImageObject\",\"inLanguage\":\"fr-FR\",\"@id\":\"https:\\\/\\\/www.pictobello.ch\\\/edition-2026\\\/pratique\\\/#primaryimage\",\"url\":\"https:\\\/\\\/www.pictobello.ch\\\/edition-2026\\\/wp-content\\\/uploads\\\/sites\\\/31\\\/2026\\\/04\\\/PLAN-26-scaled.jpg\",\"contentUrl\":\"https:\\\/\\\/www.pictobello.ch\\\/edition-2026\\\/wp-content\\\/uploads\\\/sites\\\/31\\\/2026\\\/04\\\/PLAN-26-scaled.jpg\",\"width\":1802,\"height\":2560,\"caption\":\"Screenshot\"},{\"@type\":\"BreadcrumbList\",\"@id\":\"https:\\\/\\\/www.pictobello.ch\\\/edition-2026\\\/pratique\\\/#breadcrumb\",\"itemListElement\":[{\"@type\":\"ListItem\",\"position\":1,\"name\":\"Accueil\",\"item\":\"https:\\\/\\\/www.pictobello.ch\\\/edition-2026\\\/\"},{\"@type\":\"ListItem\",\"position\":2,\"name\":\"pratique\"}]},{\"@type\":\"WebSite\",\"@id\":\"https:\\\/\\\/www.pictobello.ch\\\/edition-2026\\\/#website\",\"url\":\"https:\\\/\\\/www.pictobello.ch\\\/edition-2026\\\/\",\"name\":\"2026\",\"description\":\"\",\"potentialAction\":[{\"@type\":\"SearchAction\",\"target\":{\"@type\":\"EntryPoint\",\"urlTemplate\":\"https:\\\/\\\/www.pictobello.ch\\\/edition-2026\\\/?s={search_term_string}\"},\"query-input\":{\"@type\":\"PropertyValueSpecification\",\"valueRequired\":true,\"valueName\":\"search_term_string\"}}],\"inLanguage\":\"fr-FR\"}]}<\/script>\n<!-- \/ Yoast SEO plugin. -->","yoast_head_json":{"title":"pratique - 2026","robots":{"index":"index","follow":"follow","max-snippet":"max-snippet:-1","max-image-preview":"max-image-preview:large","max-video-preview":"max-video-preview:-1"},"canonical":"https:\/\/www.pictobello.ch\/edition-2026\/pratique\/","og_locale":"fr_FR","og_type":"article","og_title":"pratique - 2026","og_description":"PictoBello se d\u00e9roule le samedi 30 mai 2026 dans les rues de Vevey. L\u2019\u00e9v\u00e9nement est gratuit et ouvert \u00e0 touxtes ! Enfants bienvenus \u2665 Journ\u00e9e de dessin &#8211; samedi 30 mai 10h \u00e0 18h : dessinateur\u00b7ice\u00b7x\u00b7s \u00e0 l\u2019\u0153uvre sur les panneaux dans les 5 lieux sur la carte (A-E) 18h : lecture &amp; discussion avec [&hellip;]","og_url":"https:\/\/www.pictobello.ch\/edition-2026\/pratique\/","og_site_name":"2026","article_modified_time":"2026-04-28T13:46:07+00:00","og_image":[{"width":1802,"height":2560,"url":"https:\/\/www.pictobello.ch\/edition-2026\/wp-content\/uploads\/sites\/31\/2026\/04\/PLAN-26-scaled.jpg","type":"image\/jpeg"}],"twitter_card":"summary_large_image","twitter_misc":{"Dur\u00e9e de lecture estim\u00e9e":"2 minutes"},"schema":{"@context":"https:\/\/schema.org","@graph":[{"@type":"WebPage","@id":"https:\/\/www.pictobello.ch\/edition-2026\/pratique\/","url":"https:\/\/www.pictobello.ch\/edition-2026\/pratique\/","name":"pratique - 2026","isPartOf":{"@id":"https:\/\/www.pictobello.ch\/edition-2026\/#website"},"primaryImageOfPage":{"@id":"https:\/\/www.pictobello.ch\/edition-2026\/pratique\/#primaryimage"},"image":{"@id":"https:\/\/www.pictobello.ch\/edition-2026\/pratique\/#primaryimage"},"thumbnailUrl":"http:\/\/www.pictobello.ch\/edition-2026\/wp-content\/uploads\/sites\/31\/2026\/04\/PLAN-26-211x300.jpg","datePublished":"2026-03-06T15:02:37+00:00","dateModified":"2026-04-28T13:46:07+00:00","breadcrumb":{"@id":"https:\/\/www.pictobello.ch\/edition-2026\/pratique\/#breadcrumb"},"inLanguage":"fr-FR","potentialAction":[{"@type":"ReadAction","target":["https:\/\/www.pictobello.ch\/edition-2026\/pratique\/"]}]},{"@type":"ImageObject","inLanguage":"fr-FR","@id":"https:\/\/www.pictobello.ch\/edition-2026\/pratique\/#primaryimage","url":"https:\/\/www.pictobello.ch\/edition-2026\/wp-content\/uploads\/sites\/31\/2026\/04\/PLAN-26-scaled.jpg","contentUrl":"https:\/\/www.pictobello.ch\/edition-2026\/wp-content\/uploads\/sites\/31\/2026\/04\/PLAN-26-scaled.jpg","width":1802,"height":2560,"caption":"Screenshot"},{"@type":"BreadcrumbList","@id":"https:\/\/www.pictobello.ch\/edition-2026\/pratique\/#breadcrumb","itemListElement":[{"@type":"ListItem","position":1,"name":"Accueil","item":"https:\/\/www.pictobello.ch\/edition-2026\/"},{"@type":"ListItem","position":2,"name":"pratique"}]},{"@type":"WebSite","@id":"https:\/\/www.pictobello.ch\/edition-2026\/#website","url":"https:\/\/www.pictobello.ch\/edition-2026\/","name":"2026","description":"","potentialAction":[{"@type":"SearchAction","target":{"@type":"EntryPoint","urlTemplate":"https:\/\/www.pictobello.ch\/edition-2026\/?s={search_term_string}"},"query-input":{"@type":"PropertyValueSpecification","valueRequired":true,"valueName":"search_term_string"}}],"inLanguage":"fr-FR"}]}},"_links":{"self":[{"href":"https:\/\/www.pictobello.ch\/edition-2026\/wp-json\/wp\/v2\/pages\/6","targetHints":{"allow":["GET"]}}],"collection":[{"href":"https:\/\/www.pictobello.ch\/edition-2026\/wp-json\/wp\/v2\/pages"}],"about":[{"href":"https:\/\/www.pictobello.ch\/edition-2026\/wp-json\/wp\/v2\/types\/page"}],"author":[{"embeddable":true,"href":"https:\/\/www.pictobello.ch\/edition-2026\/wp-json\/wp\/v2\/users\/1"}],"replies":[{"embeddable":true,"href":"https:\/\/www.pictobello.ch\/edition-2026\/wp-json\/wp\/v2\/comments?post=6"}],"version-history":[{"count":7,"href":"https:\/\/www.pictobello.ch\/edition-2026\/wp-json\/wp\/v2\/pages\/6\/revisions"}],"predecessor-version":[{"id":150,"href":"https:\/\/www.pictobello.ch\/edition-2026\/wp-json\/wp\/v2\/pages\/6\/revisions\/150"}],"wp:attachment":[{"href":"https:\/\/www.pictobello.ch\/edition-2026\/wp-json\/wp\/v2\/media?parent=6"}],"curies":[{"name":"wp","href":"https:\/\/api.w.org\/{rel}","templated":true}]}}

<p>PictoBello se déroule <strong>le samedi 30 mai</strong> 2026 dans les rues de Vevey. L’événement est gratuit et ouvert à touxtes ! Enfants bienvenus ♥</p>
<div class="content_70">
<h3>Journée de dessin &#8211; samedi 30 mai</h3>
<ul>
<li>10h à 18h : dessinateur·ice·x·s à l’œuvre sur les panneaux dans les 5 lieux sur la carte (A-E)</li>
<li>18h : lecture &amp; discussion avec l&rsquo;autrice Céline Cerny sous la Grenette</li>
<li>18h30 : vernissage public en présence des autorités veveysannes sous la Grenette</li>
</ul>
</div>
<p>Les œuvres géantes restent ensuite exposées jusqu’au 14 juin dans ces mêmes lieux*</p>
<p><em>*sauf celles réalisées à la Grenette qui sont installées le temps de l’exposition au Quai Maria-Belgia (F)</em></p>
<p><a href="http://www.pictobello.ch/edition-2026/wp-content/uploads/sites/31/2026/04/PLAN-26-scaled.jpg"><img loading="lazy" decoding="async" class="aligncenter wp-image-148" src="http://www.pictobello.ch/edition-2026/wp-content/uploads/sites/31/2026/04/PLAN-26-211x300.jpg" alt="" width="350" height="497" srcset="https://www.pictobello.ch/edition-2026/wp-content/uploads/sites/31/2026/04/PLAN-26-211x300.jpg 211w, https://www.pictobello.ch/edition-2026/wp-content/uploads/sites/31/2026/04/PLAN-26-721x1024.jpg 721w, https://www.pictobello.ch/edition-2026/wp-content/uploads/sites/31/2026/04/PLAN-26-768x1091.jpg 768w, https://www.pictobello.ch/edition-2026/wp-content/uploads/sites/31/2026/04/PLAN-26-1081x1536.jpg 1081w, https://www.pictobello.ch/edition-2026/wp-content/uploads/sites/31/2026/04/PLAN-26-1442x2048.jpg 1442w, https://www.pictobello.ch/edition-2026/wp-content/uploads/sites/31/2026/04/PLAN-26-260x369.jpg 260w, https://www.pictobello.ch/edition-2026/wp-content/uploads/sites/31/2026/04/PLAN-26-575x817.jpg 575w, https://www.pictobello.ch/edition-2026/wp-content/uploads/sites/31/2026/04/PLAN-26-640x909.jpg 640w, https://www.pictobello.ch/edition-2026/wp-content/uploads/sites/31/2026/04/PLAN-26-scaled.jpg 1802w" sizes="auto, (max-width: 350px) 100vw, 350px" /></a></p>
<h3>Sous la Grenette&#8230;</h3>
<p>Cœur battant des festivités, la Grenette accueille toute la journée :</p>
<ul>
<li><strong>Stand Payot</strong> : le temps d&rsquo;une journée, Payot devient une librairie à ciel ouvert et propose une sélection de bandes dessinées et romans graphiques des artistes invité·e·x·s, ainsi que des micro-éditions. De quoi repartir avec des souvenirs pour toute la famille !</li>
<li><strong>Stand sérigraphie</strong> : Thierry et son poste de sérigraphie sont de retour cette année pour proposer, de 12h à 16h, une activité de sérigraphie sur tissus en direct. Gratuit, ouvert à touxtes</li>
<li><strong>Point info</strong> : toute la journée, notre équipe est disponible sous la Grenette pour répondre à vos questions, vous conseiller ou papoter !</li>
<li><strong>Dès 18h</strong>, artistes et public sont invités à se réunir sous la Grenette pour célébrer le travail réalisé, en présence des autorités, du staff, et de l&rsquo;autrice qui offrira d&rsquo;ailleurs une lecture habitée de son conte. <a href="https://www.pictobello.ch/edition-2026/organisateur/celine-cerny/" target="_blank" rel="noopener">Découvrez l&rsquo;autrice</a></li>
</ul>
<p>&nbsp;</p>

<p>PictoBello se déroule le samedi 30 mai 2026 dans les rues de Vevey. L’événement est gratuit et ouvert à touxtes ! Enfants bienvenus ♥ Journée de dessin &#8211; samedi 30 mai 10h à 18h : dessinateur·ice·x·s à l’œuvre sur les panneaux dans les 5 lieux sur la carte (A-E) 18h : lecture &amp; discussion avec [&hellip;]</p>

<!-- This site is optimized with the Yoast SEO plugin v27.5 - https://yoast.com/product/yoast-seo-wordpress/ -->
<title>pratique - 2026</title>
<meta name="robots" content="index, follow, max-snippet:-1, max-image-preview:large, max-video-preview:-1" />
<link rel="canonical" href="https://www.pictobello.ch/edition-2026/pratique/" />
<meta property="og:locale" content="fr_FR" />
<meta property="og:type" content="article" />
<meta property="og:title" content="pratique - 2026" />
<meta property="og:description" content="PictoBello se déroule le samedi 30 mai 2026 dans les rues de Vevey. L’événement est gratuit et ouvert à touxtes ! Enfants bienvenus ♥ Journée de dessin &#8211; samedi 30 mai 10h à 18h : dessinateur·ice·x·s à l’œuvre sur les panneaux dans les 5 lieux sur la carte (A-E) 18h : lecture &amp; discussion avec [&hellip;]" />
<meta property="og:url" content="https://www.pictobello.ch/edition-2026/pratique/" />
<meta property="og:site_name" content="2026" />
<meta property="article:modified_time" content="2026-04-28T13:46:07+00:00" />
<meta property="og:image" content="https://www.pictobello.ch/edition-2026/wp-content/uploads/sites/31/2026/04/PLAN-26-scaled.jpg" />
	<meta property="og:image:width" content="1802" />
	<meta property="og:image:height" content="2560" />
	<meta property="og:image:type" content="image/jpeg" />
<meta name="twitter:card" content="summary_large_image" />
<meta name="twitter:label1" content="Durée de lecture estimée" />
	<meta name="twitter:data1" content="2 minutes" />
<script type="application/ld+json" class="yoast-schema-graph">{"@context":"https:\/\/schema.org","@graph":[{"@type":"WebPage","@id":"https:\/\/www.pictobello.ch\/edition-2026\/pratique\/","url":"https:\/\/www.pictobello.ch\/edition-2026\/pratique\/","name":"pratique - 2026","isPartOf":{"@id":"https:\/\/www.pictobello.ch\/edition-2026\/#website"},"primaryImageOfPage":{"@id":"https:\/\/www.pictobello.ch\/edition-2026\/pratique\/#primaryimage"},"image":{"@id":"https:\/\/www.pictobello.ch\/edition-2026\/pratique\/#primaryimage"},"thumbnailUrl":"http:\/\/www.pictobello.ch\/edition-2026\/wp-content\/uploads\/sites\/31\/2026\/04\/PLAN-26-211x300.jpg","datePublished":"2026-03-06T15:02:37+00:00","dateModified":"2026-04-28T13:46:07+00:00","breadcrumb":{"@id":"https:\/\/www.pictobello.ch\/edition-2026\/pratique\/#breadcrumb"},"inLanguage":"fr-FR","potentialAction":[{"@type":"ReadAction","target":["https:\/\/www.pictobello.ch\/edition-2026\/pratique\/"]}]},{"@type":"ImageObject","inLanguage":"fr-FR","@id":"https:\/\/www.pictobello.ch\/edition-2026\/pratique\/#primaryimage","url":"https:\/\/www.pictobello.ch\/edition-2026\/wp-content\/uploads\/sites\/31\/2026\/04\/PLAN-26-scaled.jpg","contentUrl":"https:\/\/www.pictobello.ch\/edition-2026\/wp-content\/uploads\/sites\/31\/2026\/04\/PLAN-26-scaled.jpg","width":1802,"height":2560,"caption":"Screenshot"},{"@type":"BreadcrumbList","@id":"https:\/\/www.pictobello.ch\/edition-2026\/pratique\/#breadcrumb","itemListElement":[{"@type":"ListItem","position":1,"name":"Accueil","item":"https:\/\/www.pictobello.ch\/edition-2026\/"},{"@type":"ListItem","position":2,"name":"pratique"}]},{"@type":"WebSite","@id":"https:\/\/www.pictobello.ch\/edition-2026\/#website","url":"https:\/\/www.pictobello.ch\/edition-2026\/","name":"2026","description":"","potentialAction":[{"@type":"SearchAction","target":{"@type":"EntryPoint","urlTemplate":"https:\/\/www.pictobello.ch\/edition-2026\/?s={search_term_string}"},"query-input":{"@type":"PropertyValueSpecification","valueRequired":true,"valueName":"search_term_string"}}],"inLanguage":"fr-FR"}]}</script>
<!-- / Yoast SEO plugin. -->

PictoBello se déroule le samedi 30 mai 2026 dans les rues de Vevey. L’événement est gratuit et ouvert à touxtes ! Enfants bienvenus ♥ Journée de dessin &#8211; samedi 30 mai 10h à 18h : dessinateur·ice·x·s à l’œuvre sur les panneaux dans les 5 lieux sur la carte (A-E) 18h : lecture &amp; discussion avec [&hellip;]
