{"id":96,"date":"2026-04-15T13:56:54","date_gmt":"2026-04-15T11:56:54","guid":{"rendered":"https:\/\/www.pictobello.ch\/edition-2026\/?page_id=96"},"modified":"2026-04-15T16:58:35","modified_gmt":"2026-04-15T14:58:35","slug":"nouvelle","status":"publish","type":"page","link":"https:\/\/www.pictobello.ch\/edition-2026\/nouvelle\/","title":{"rendered":"texte de l&rsquo;autrice"},"content":{"rendered":"<p><strong>La petite fille au morceau de c\u0153ur<\/strong><\/p>\n<p>Dans une ville entour\u00e9e de hautes murailles vivaient des ogres et des ogresses.<\/p>\n<p>A l\u2019int\u00e9rieur de la ville, tout \u00e9tait parfaitement organis\u00e9, chaque soir \u00e9taient livr\u00e9s les enfants cuisin\u00e9s. Et si on ne savait plus depuis longtemps d\u2019o\u00f9 venaient les cargaisons, la richesse des ar\u00f4mes faisait tout oublier.<\/p>\n<p>Dans la ville entour\u00e9e de hautes murailles, les ogres et les ogresses ne mangeaient plus d\u2019enfants locaux. A part les leurs, parfois, respectant une tradition qui remontait aux temps les plus anciens. Et comme les enfants qui n\u2019\u00e9taient pas mang\u00e9s, il fallait bien les \u00e9lever, on les envoyait en pension \u00e0 la campagne, l\u00e0 o\u00f9 l\u2019herbe grasse fait des merveilles. Entre champs et for\u00eats, tout ce petit peuple vivait loin de la grisaille et du danger.<\/p>\n<p>Sans \u00e9cole, sans parc, sans jeux et sans brouhaha, la ville des ogres et des ogresses \u00e9tait connue pour sa tranquillit\u00e9. Et pourtant, dans une ruelle o\u00f9 personne n\u2019allait jamais, vivait une petite fille. Souple et fine comme une souris, la petite fille se d\u00e9pla\u00e7ait sans bruit, \u00e0 l\u2019exception d\u2019un \u00e9trange PADOUM PADOUM qui ne la quittait jamais.<\/p>\n<p>Bien que personne ne se souci\u00e2t jamais d\u2019elle, tout le monde connaissait son histoire. Ses parents avaient fait d\u2019elle leur souper, mangeant comme il se doit, les rognons, les tripes et le foie. Pour la fin, iels avaient conserv\u00e9 le c\u0153ur, parce que c\u2019est le meilleur. Mais au moment de le couper, un tout petit bout de c\u0153ur s\u2019\u00e9tait \u00e9chapp\u00e9 et avait roul\u00e9 sous le fourneau. La petite fille avait ramass\u00e9 le morceau et l\u2019avait accroch\u00e9 derri\u00e8re ses c\u00f4tes, l\u00e0 o\u00f9 il n\u2019y avait plus rien d\u2019autre.<\/p>\n<p>Depuis, le PADOUM PADOUM de son c\u0153ur accompagnait chacun de ses pas.<\/p>\n<p>Chaque soir, la petite fille allait nourrir les canards dont la graisse \u00e9tait r\u00e9put\u00e9e rehausser les chairs d\u2019enfants les plus insipides. Elle caressait leurs plumes soyeuses et fredonnait en leur lan\u00e7ant des miettes de pain.<\/p>\n<p>Chaque matin, quand les ogres et les ogresses \u00e9taient encore dans leur lit, elle montait sur les remparts et r\u00eavait de ciel bleu. Parfois, les oiseaux les plus audacieux venaient se percher sur l\u2019une de ses c\u00f4tes. Pour que leurs becs ne viennent pas percer le petit morceau de c\u0153ur, la petite fille savait les distraire avec quelques graines. PADOUM PADOUM faisait le c\u0153ur pour la remercier. Et tout autour d\u2019elle se mettaient \u00e0 tournoyer les oiseaux aux ailes bigarr\u00e9es.<\/p>\n<p>Un jour, une oiselle plus vive que les autres donna \u00e0 la petite fille l\u2019envie de s\u2019en aller. Avec ses ailes brunes, sa poitrine mouchet\u00e9e, sa gorge \u00e0 peine blanche d\u2019o\u00f9 jaillissait le chant d\u2019un printemps en floraison, elle portait l\u2019espoir d\u2019une vie nouvelle. La petite fille savait qu\u2019au-del\u00e0 des murailles, dans les fermes alentours, vivaient tous les enfants de la ville. Elle savait qu\u2019en s\u2019enfuyant, elle parviendrait \u00e0 les retrouver.<\/p>\n<p>Alors un soir d\u2019\u00e9t\u00e9, quand le soleil pousse \u00e0 l\u2019indolence, elle se glissa dans le camion qui venait de livrer les sauces multi saveurs dont raffolaient les ogres et les ogresses. Une fois pass\u00e9e la porte de fer et travers\u00e9 le pont, quand le camion stoppa \u00e0 l\u2019or\u00e9e d\u2019un bois, elle sauta.<\/p>\n<p>Le chemin qu\u2019il lui fallut parcourir pour rejoindre ses s\u0153urs et fr\u00e8res, les \u00e9preuves, les peines et les victoires, tout cela est une autre histoire. Pour l\u2019instant, il faut l\u2019imaginer au pied d\u2019un ch\u00eane o\u00f9 elle s\u2019est agenouill\u00e9e. Il faut fermer les yeux. Vous la verrez alors prendre dans ses mains une mousse douce et fra\u00eeche qu\u2019elle glisse entre ses c\u00f4tes, l\u00e0 o\u00f9 se posaient les oiseaux. Oh, elle entend toujours le PADOUM PADOUM de son c\u0153ur, mais il est l\u00e0 juste pour elle d\u00e9sormais.<\/p>\n<p>Sa poitrine n\u2019est plus cette cage vide o\u00f9 flotte solitaire un petit morceau de c\u0153ur. Sa poitrine est la promesse d\u2019un jardin.<\/p>\n<p>C\u00e9line Cerny \/ mars 2026<\/p>\n<p><a href=\"https:\/\/www.pictobello.ch\/edition-2026\/organisateur\/celine-cerny\/\" target=\"_blank\" rel=\"noopener\">lire la bio de l&rsquo;artiste<\/a><\/p>\n<p>&nbsp;<\/p>\n","protected":false},"excerpt":{"rendered":"<p>La petite fille au morceau de c\u0153ur Dans une ville entour\u00e9e de hautes murailles vivaient des ogres et des ogresses. A l\u2019int\u00e9rieur de la ville, tout \u00e9tait parfaitement organis\u00e9, chaque soir \u00e9taient livr\u00e9s les enfants cuisin\u00e9s. Et si on ne savait plus depuis longtemps d\u2019o\u00f9 venaient les cargaisons, la richesse des ar\u00f4mes faisait tout oublier. [&hellip;]<\/p>\n","protected":false},"author":3,"featured_media":0,"parent":0,"menu_order":0,"comment_status":"closed","ping_status":"closed","template":"","meta":{"_acf_changed":false,"_exactmetrics_skip_tracking":false,"_exactmetrics_sitenote_active":false,"_exactmetrics_sitenote_note":"","_exactmetrics_sitenote_category":0,"footnotes":""},"class_list":["post-96","page","type-page","status-publish","hentry"],"acf":[],"yoast_head":"<!-- This site is optimized with the Yoast SEO plugin v27.2 - https:\/\/yoast.com\/product\/yoast-seo-wordpress\/ -->\n<title>texte de l&#039;autrice - 2026<\/title>\n<meta name=\"robots\" content=\"index, follow, max-snippet:-1, max-image-preview:large, max-video-preview:-1\" \/>\n<link rel=\"canonical\" href=\"https:\/\/www.pictobello.ch\/edition-2026\/nouvelle\/\" \/>\n<meta property=\"og:locale\" content=\"fr_FR\" \/>\n<meta property=\"og:type\" content=\"article\" \/>\n<meta property=\"og:title\" content=\"texte de l&#039;autrice - 2026\" \/>\n<meta property=\"og:description\" content=\"La petite fille au morceau de c\u0153ur Dans une ville entour\u00e9e de hautes murailles vivaient des ogres et des ogresses. A l\u2019int\u00e9rieur de la ville, tout \u00e9tait parfaitement organis\u00e9, chaque soir \u00e9taient livr\u00e9s les enfants cuisin\u00e9s. Et si on ne savait plus depuis longtemps d\u2019o\u00f9 venaient les cargaisons, la richesse des ar\u00f4mes faisait tout oublier. [&hellip;]\" \/>\n<meta property=\"og:url\" content=\"https:\/\/www.pictobello.ch\/edition-2026\/nouvelle\/\" \/>\n<meta property=\"og:site_name\" content=\"2026\" \/>\n<meta property=\"article:modified_time\" content=\"2026-04-15T14:58:35+00:00\" \/>\n<meta name=\"twitter:card\" content=\"summary_large_image\" \/>\n<meta name=\"twitter:label1\" content=\"Dur\u00e9e de lecture estim\u00e9e\" \/>\n\t<meta name=\"twitter:data1\" content=\"4 minutes\" \/>\n<script type=\"application\/ld+json\" class=\"yoast-schema-graph\">{\"@context\":\"https:\/\/schema.org\",\"@graph\":[{\"@type\":\"WebPage\",\"@id\":\"https:\/\/www.pictobello.ch\/edition-2026\/nouvelle\/\",\"url\":\"https:\/\/www.pictobello.ch\/edition-2026\/nouvelle\/\",\"name\":\"texte de l'autrice - 2026\",\"isPartOf\":{\"@id\":\"https:\/\/www.pictobello.ch\/edition-2026\/#website\"},\"datePublished\":\"2026-04-15T11:56:54+00:00\",\"dateModified\":\"2026-04-15T14:58:35+00:00\",\"breadcrumb\":{\"@id\":\"https:\/\/www.pictobello.ch\/edition-2026\/nouvelle\/#breadcrumb\"},\"inLanguage\":\"fr-FR\",\"potentialAction\":[{\"@type\":\"ReadAction\",\"target\":[\"https:\/\/www.pictobello.ch\/edition-2026\/nouvelle\/\"]}]},{\"@type\":\"BreadcrumbList\",\"@id\":\"https:\/\/www.pictobello.ch\/edition-2026\/nouvelle\/#breadcrumb\",\"itemListElement\":[{\"@type\":\"ListItem\",\"position\":1,\"name\":\"Accueil\",\"item\":\"https:\/\/www.pictobello.ch\/edition-2026\/\"},{\"@type\":\"ListItem\",\"position\":2,\"name\":\"texte de l&rsquo;autrice\"}]},{\"@type\":\"WebSite\",\"@id\":\"https:\/\/www.pictobello.ch\/edition-2026\/#website\",\"url\":\"https:\/\/www.pictobello.ch\/edition-2026\/\",\"name\":\"2026\",\"description\":\"\",\"potentialAction\":[{\"@type\":\"SearchAction\",\"target\":{\"@type\":\"EntryPoint\",\"urlTemplate\":\"https:\/\/www.pictobello.ch\/edition-2026\/?s={search_term_string}\"},\"query-input\":{\"@type\":\"PropertyValueSpecification\",\"valueRequired\":true,\"valueName\":\"search_term_string\"}}],\"inLanguage\":\"fr-FR\"}]}<\/script>\n<!-- \/ Yoast SEO plugin. -->","yoast_head_json":{"title":"texte de l'autrice - 2026","robots":{"index":"index","follow":"follow","max-snippet":"max-snippet:-1","max-image-preview":"max-image-preview:large","max-video-preview":"max-video-preview:-1"},"canonical":"https:\/\/www.pictobello.ch\/edition-2026\/nouvelle\/","og_locale":"fr_FR","og_type":"article","og_title":"texte de l'autrice - 2026","og_description":"La petite fille au morceau de c\u0153ur Dans une ville entour\u00e9e de hautes murailles vivaient des ogres et des ogresses. A l\u2019int\u00e9rieur de la ville, tout \u00e9tait parfaitement organis\u00e9, chaque soir \u00e9taient livr\u00e9s les enfants cuisin\u00e9s. Et si on ne savait plus depuis longtemps d\u2019o\u00f9 venaient les cargaisons, la richesse des ar\u00f4mes faisait tout oublier. [&hellip;]","og_url":"https:\/\/www.pictobello.ch\/edition-2026\/nouvelle\/","og_site_name":"2026","article_modified_time":"2026-04-15T14:58:35+00:00","twitter_card":"summary_large_image","twitter_misc":{"Dur\u00e9e de lecture estim\u00e9e":"4 minutes"},"schema":{"@context":"https:\/\/schema.org","@graph":[{"@type":"WebPage","@id":"https:\/\/www.pictobello.ch\/edition-2026\/nouvelle\/","url":"https:\/\/www.pictobello.ch\/edition-2026\/nouvelle\/","name":"texte de l'autrice - 2026","isPartOf":{"@id":"https:\/\/www.pictobello.ch\/edition-2026\/#website"},"datePublished":"2026-04-15T11:56:54+00:00","dateModified":"2026-04-15T14:58:35+00:00","breadcrumb":{"@id":"https:\/\/www.pictobello.ch\/edition-2026\/nouvelle\/#breadcrumb"},"inLanguage":"fr-FR","potentialAction":[{"@type":"ReadAction","target":["https:\/\/www.pictobello.ch\/edition-2026\/nouvelle\/"]}]},{"@type":"BreadcrumbList","@id":"https:\/\/www.pictobello.ch\/edition-2026\/nouvelle\/#breadcrumb","itemListElement":[{"@type":"ListItem","position":1,"name":"Accueil","item":"https:\/\/www.pictobello.ch\/edition-2026\/"},{"@type":"ListItem","position":2,"name":"texte de l&rsquo;autrice"}]},{"@type":"WebSite","@id":"https:\/\/www.pictobello.ch\/edition-2026\/#website","url":"https:\/\/www.pictobello.ch\/edition-2026\/","name":"2026","description":"","potentialAction":[{"@type":"SearchAction","target":{"@type":"EntryPoint","urlTemplate":"https:\/\/www.pictobello.ch\/edition-2026\/?s={search_term_string}"},"query-input":{"@type":"PropertyValueSpecification","valueRequired":true,"valueName":"search_term_string"}}],"inLanguage":"fr-FR"}]}},"_links":{"self":[{"href":"https:\/\/www.pictobello.ch\/edition-2026\/wp-json\/wp\/v2\/pages\/96","targetHints":{"allow":["GET"]}}],"collection":[{"href":"https:\/\/www.pictobello.ch\/edition-2026\/wp-json\/wp\/v2\/pages"}],"about":[{"href":"https:\/\/www.pictobello.ch\/edition-2026\/wp-json\/wp\/v2\/types\/page"}],"author":[{"embeddable":true,"href":"https:\/\/www.pictobello.ch\/edition-2026\/wp-json\/wp\/v2\/users\/3"}],"replies":[{"embeddable":true,"href":"https:\/\/www.pictobello.ch\/edition-2026\/wp-json\/wp\/v2\/comments?post=96"}],"version-history":[{"count":5,"href":"https:\/\/www.pictobello.ch\/edition-2026\/wp-json\/wp\/v2\/pages\/96\/revisions"}],"predecessor-version":[{"id":129,"href":"https:\/\/www.pictobello.ch\/edition-2026\/wp-json\/wp\/v2\/pages\/96\/revisions\/129"}],"wp:attachment":[{"href":"https:\/\/www.pictobello.ch\/edition-2026\/wp-json\/wp\/v2\/media?parent=96"}],"curies":[{"name":"wp","href":"https:\/\/api.w.org\/{rel}","templated":true}]}}